CRAN Package Check Results for Package mpe

Last updated on 2021-10-25 00:49:18 CEST.

Flavor Version Tinstall Tcheck Ttotal Status Flags
r-devel-linux-x86_64-debian-clang 1.0 2.69 499.04 501.73 NOTE
r-devel-linux-x86_64-debian-gcc 1.0 2.00 294.55 296.55 NOTE
r-devel-linux-x86_64-fedora-clang 1.0 509.82 NOTE
r-devel-linux-x86_64-fedora-gcc 1.0 474.53 NOTE
r-devel-windows-x86_64 1.0 5.00 467.00 472.00 NOTE
r-devel-windows-x86_64-gcc10-UCRT 1.0 NOTE
r-patched-linux-x86_64 1.0 2.70 395.98 398.68 NOTE
r-patched-solaris-x86 1.0 651.00 NOTE
r-release-linux-x86_64 1.0 2.61 406.31 408.92 NOTE
r-release-macos-arm64 1.0 NOTE
r-release-macos-x86_64 1.0 NOTE
r-release-windows-ix86+x86_64 1.0 5.00 570.00 575.00 NOTE
r-oldrel-macos-x86_64 1.0 OK
r-oldrel-windows-ix86+x86_64 1.0 6.00 560.00 566.00 OK

Check Details

Version: 1.0
Check: LazyData
Result: NOTE
     'LazyData' is specified without a 'data' directory
Flavors: r-devel-linux-x86_64-debian-clang, r-devel-linux-x86_64-debian-gcc, r-devel-linux-x86_64-fedora-clang, r-devel-linux-x86_64-fedora-gcc, r-devel-windows-x86_64, r-devel-windows-x86_64-gcc10-UCRT, r-patched-linux-x86_64, r-patched-solaris-x86, r-release-linux-x86_64, r-release-macos-arm64, r-release-macos-x86_64, r-release-windows-ix86+x86_64