CRAN Package Check Results for Package mrMLM

Last updated on 2024-07-18 00:54:59 CEST.

Flavor Version Tinstall Tcheck Ttotal Status Flags
r-devel-linux-x86_64-debian-clang 5.0.1 58.83 193.80 252.63 NOTE
r-devel-linux-x86_64-debian-gcc 5.0.1 43.37 139.20 182.57 NOTE
r-devel-linux-x86_64-fedora-clang 5.0.1 329.08 NOTE
r-devel-linux-x86_64-fedora-gcc 5.0.1 310.40 NOTE
r-devel-windows-x86_64 5.0.1 51.00 172.00 223.00 NOTE
r-patched-linux-x86_64 5.0.1 54.88 184.54 239.42 NOTE
r-release-linux-x86_64 5.0.1 59.13 187.21 246.34 NOTE
r-release-macos-arm64 5.0.1 83.00 NOTE
r-release-macos-x86_64 5.0.1 135.00 NOTE
r-release-windows-x86_64 5.0.1 49.00 172.00 221.00 NOTE
r-oldrel-macos-arm64 5.0.1 90.00 OK
r-oldrel-macos-x86_64 5.0.1 162.00 OK
r-oldrel-windows-x86_64 5.0.1 66.00 223.00 289.00 OK

Check Details

Version: 5.0.1
Check: Rd files
Result: NOTE checkRd: (-1) MultiManhattan.Rd:33: Lost braces; missing escapes or markup? 33 | \item{LogTimes}{Magnification of {-log10(P-value)}; the default is | ^ checkRd: (-1) MultiManhattan.Rd:35: Lost braces; missing escapes or markup? 35 | \item{LODTimes}{Magnification of {LOD score}; the default is 1.2.} | ^ Flavors: r-devel-linux-x86_64-debian-clang, r-devel-linux-x86_64-debian-gcc, r-devel-linux-x86_64-fedora-clang, r-devel-linux-x86_64-fedora-gcc, r-devel-windows-x86_64, r-patched-linux-x86_64, r-release-linux-x86_64, r-release-macos-arm64, r-release-macos-x86_64, r-release-windows-x86_64

Version: 5.0.1
Check: installed package size
Result: NOTE installed size is 5.2Mb sub-directories of 1Mb or more: extdata 1.7Mb libs 2.3Mb Flavors: r-release-macos-arm64, r-release-macos-x86_64