CRAN Package Check Results for Package msgpackR

Last updated on 2024-07-24 00:53:56 CEST.

Flavor Version Tinstall Tcheck Ttotal Status Flags
r-devel-linux-x86_64-debian-clang 1.1 3.45 25.22 28.67 NOTE
r-devel-linux-x86_64-debian-gcc 1.1 1.96 19.53 21.49 NOTE
r-devel-linux-x86_64-fedora-clang 1.1 36.06 NOTE
r-devel-linux-x86_64-fedora-gcc 1.1 34.03 NOTE
r-devel-windows-x86_64 1.1 4.00 45.00 49.00 OK
r-patched-linux-x86_64 1.1 2.15 24.97 27.12 NOTE
r-release-linux-x86_64 1.1 2.31 25.11 27.42 NOTE
r-release-macos-arm64 1.1 15.00 OK
r-release-macos-x86_64 1.1 24.00 OK
r-release-windows-x86_64 1.1 4.00 43.00 47.00 OK
r-oldrel-macos-arm64 1.1 17.00 OK
r-oldrel-macos-x86_64 1.1 21.00 OK
r-oldrel-windows-x86_64 1.1 3.00 42.00 45.00 OK

Check Details

Version: 1.1
Check: for non-standard things in the check directory
Result: NOTE Found the following files/directories: ‘test.txt’ Flavors: r-devel-linux-x86_64-debian-clang, r-devel-linux-x86_64-debian-gcc, r-devel-linux-x86_64-fedora-clang, r-devel-linux-x86_64-fedora-gcc, r-patched-linux-x86_64, r-release-linux-x86_64