CRAN Package Check Results for Package mtb

Last updated on 2024-02-29 00:55:46 CET.

Flavor Version Tinstall Tcheck Ttotal Status Flags
r-devel-linux-x86_64-debian-clang 0.1.8 6.18 93.77 99.95 NOTE
r-devel-linux-x86_64-debian-gcc 0.1.8 5.55 71.24 76.79 NOTE
r-devel-linux-x86_64-fedora-clang 0.1.8 127.56 NOTE
r-devel-linux-x86_64-fedora-gcc 0.1.8 132.00 NOTE
r-devel-windows-x86_64 0.1.8 7.00 89.00 96.00 OK
r-patched-linux-x86_64 0.1.8 7.82 91.05 98.87 OK
r-release-linux-x86_64 0.1.8 7.46 90.15 97.61 OK
r-release-macos-arm64 0.1.8 51.00 OK
r-release-macos-x86_64 0.1.8 66.00 OK
r-release-windows-x86_64 0.1.8 10.00 103.00 113.00 OK
r-oldrel-macos-arm64 0.1.8 43.00 OK
r-oldrel-windows-x86_64 0.1.8 10.00 106.00 116.00 OK

Check Details

Version: 0.1.8
Check: Rd files
Result: NOTE checkRd: (-1) time_plot_event.Rd:12: Lost braces in \itemize; meant \describe ? checkRd: (-1) time_plot_event.Rd:13: Lost braces in \itemize; meant \describe ? checkRd: (-1) time_plot_event.Rd:14: Lost braces in \itemize; meant \describe ? checkRd: (-1) time_plot_event.Rd:15: Lost braces in \itemize; meant \describe ? checkRd: (-1) time_plot_event.Rd:16: Lost braces in \itemize; meant \describe ? checkRd: (-1) time_plot_event.Rd:17: Lost braces in \itemize; meant \describe ? checkRd: (-1) time_plot_event.Rd:18: Lost braces in \itemize; meant \describe ? checkRd: (-1) time_plot_event.Rd:19: Lost braces in \itemize; meant \describe ? checkRd: (-1) time_plot_interval.Rd:19: Lost braces in \itemize; meant \describe ? checkRd: (-1) time_plot_interval.Rd:20: Lost braces in \itemize; meant \describe ? checkRd: (-1) time_plot_interval.Rd:21: Lost braces in \itemize; meant \describe ? checkRd: (-1) time_plot_interval.Rd:22: Lost braces in \itemize; meant \describe ? checkRd: (-1) time_plot_interval.Rd:23: Lost braces in \itemize; meant \describe ? Flavors: r-devel-linux-x86_64-debian-clang, r-devel-linux-x86_64-debian-gcc, r-devel-linux-x86_64-fedora-clang, r-devel-linux-x86_64-fedora-gcc