CRAN Package Check Results for Package mully

Last updated on 2021-10-17 00:48:44 CEST.

Flavor Version Tinstall Tcheck Ttotal Status Flags
r-devel-linux-x86_64-debian-clang 2.1.34 5.60 62.63 68.23 OK
r-devel-linux-x86_64-debian-gcc 2.1.34 5.04 49.24 54.28 OK
r-devel-linux-x86_64-fedora-clang 2.1.34 91.84 NOTE
r-devel-linux-x86_64-fedora-gcc 2.1.34 84.65 NOTE
r-devel-windows-x86_64 2.1.34 12.00 106.00 118.00 OK
r-devel-windows-x86_64-gcc10-UCRT 2.1.33 NOTE
r-patched-linux-x86_64 2.1.33 5.96 62.50 68.46 OK
r-patched-solaris-x86 2.1.34 113.40 NOTE
r-release-linux-x86_64 2.1.33 5.80 61.72 67.52 OK
r-release-macos-arm64 2.1.33 NOTE
r-release-macos-x86_64 2.1.34 NOTE
r-release-windows-ix86+x86_64 2.1.33 12.00 101.00 113.00 OK
r-oldrel-macos-x86_64 2.1.34 NOTE
r-oldrel-windows-ix86+x86_64 2.1.33 18.00 107.00 125.00 OK

Check Details

Version: 2.1.34
Check: dependencies in R code
Result: NOTE
    Namespace in Imports field not imported from: ‘shape’
     All declared Imports should be used.
Flavors: r-devel-linux-x86_64-fedora-clang, r-devel-linux-x86_64-fedora-gcc, r-patched-solaris-x86, r-release-macos-x86_64, r-oldrel-macos-x86_64

Version: 2.1.33
Check: dependencies in R code
Result: NOTE
    Namespace in Imports field not imported from: 'shape'
     All declared Imports should be used.
Flavors: r-devel-windows-x86_64-gcc10-UCRT, r-release-macos-arm64