CRAN Package Check Results for Package multifear

Last updated on 2021-10-21 00:49:52 CEST.

Flavor Version Tinstall Tcheck Ttotal Status Flags
r-devel-linux-x86_64-debian-clang 0.1.2 6.45 160.03 166.48 OK
r-devel-linux-x86_64-debian-gcc 0.1.2 5.96 117.63 123.59 OK
r-devel-linux-x86_64-fedora-clang 0.1.2 219.84 NOTE
r-devel-linux-x86_64-fedora-gcc 0.1.2 200.38 NOTE
r-devel-windows-x86_64 0.1.2 11.00 194.00 205.00 OK
r-devel-windows-x86_64-gcc10-UCRT 0.1.2 NOTE
r-patched-linux-x86_64 0.1.2 5.86 147.54 153.40 OK
r-patched-solaris-x86 0.1.2 269.90 NOTE
r-release-linux-x86_64 0.1.2 5.78 148.74 154.52 OK
r-release-macos-arm64 0.1.2 NOTE
r-release-macos-x86_64 0.1.2 NOTE
r-release-windows-ix86+x86_64 0.1.2 18.00 193.00 211.00 OK
r-oldrel-macos-x86_64 0.1.2 NOTE
r-oldrel-windows-ix86+x86_64 0.1.2 18.00 204.00 222.00 OK

Check Details

Version: 0.1.2
Check: dependencies in R code
Result: NOTE
    Namespace in Imports field not imported from: ‘ez’
     All declared Imports should be used.
Flavors: r-devel-linux-x86_64-fedora-clang, r-devel-linux-x86_64-fedora-gcc, r-devel-windows-x86_64-gcc10-UCRT, r-patched-solaris-x86, r-release-macos-arm64, r-release-macos-x86_64, r-oldrel-macos-x86_64

Version: 0.1.2
Check: package dependencies
Result: NOTE
    Packages suggested but not available for checking: 'ggraph', 'igraph'
Flavor: r-devel-windows-x86_64-gcc10-UCRT