Last updated on 2023-03-28 00:51:55 CEST.
Flavor | Version | Tinstall | Tcheck | Ttotal | Status | Flags |
---|---|---|---|---|---|---|
r-devel-linux-x86_64-debian-clang | 0.1.1 | 19.47 | 257.03 | 276.50 | NOTE | |
r-devel-linux-x86_64-debian-gcc | 0.1.1 | 14.78 | 190.11 | 204.89 | NOTE | |
r-devel-linux-x86_64-fedora-clang | 0.1.1 | 334.16 | NOTE | |||
r-devel-linux-x86_64-fedora-gcc | 0.1.1 | 333.91 | NOTE | |||
r-patched-linux-x86_64 | 0.1.1 | 26.26 | 242.26 | 268.52 | NOTE | |
r-release-linux-x86_64 | 0.1.1 | 17.98 | 243.58 | 261.56 | NOTE | |
r-release-macos-arm64 | 0.1.1 | 106.00 | NOTE | |||
r-release-macos-x86_64 | 0.1.1 | 155.00 | NOTE | |||
r-release-windows-x86_64 | 0.1.1 | 36.00 | 293.00 | 329.00 | NOTE | |
r-oldrel-macos-arm64 | 0.1.1 | 129.00 | NOTE | |||
r-oldrel-macos-x86_64 | 0.1.1 | 162.00 | NOTE | |||
r-oldrel-windows-ix86+x86_64 | 0.1.1 | 50.00 | 280.00 | 330.00 | NOTE |
Version: 0.1.1
Check: LazyData
Result: NOTE
'LazyData' is specified without a 'data' directory
Flavors: r-devel-linux-x86_64-debian-clang, r-devel-linux-x86_64-debian-gcc, r-devel-linux-x86_64-fedora-clang, r-devel-linux-x86_64-fedora-gcc, r-patched-linux-x86_64, r-release-linux-x86_64, r-release-macos-arm64, r-release-macos-x86_64, r-release-windows-x86_64, r-oldrel-macos-arm64, r-oldrel-macos-x86_64, r-oldrel-windows-ix86+x86_64