Last updated on 2023-09-22 00:53:23 CEST.
Flavor | Version | Tinstall | Tcheck | Ttotal | Status | Flags |
---|---|---|---|---|---|---|
r-devel-linux-x86_64-debian-clang | 0.5.1 | 1354.61 | 550.48 | 1905.09 | NOTE | |
r-devel-linux-x86_64-debian-gcc | 0.5.1 | 1120.42 | 450.83 | 1571.25 | NOTE | |
r-devel-linux-x86_64-fedora-clang | 0.5.1 | 2406.64 | NOTE | |||
r-devel-linux-x86_64-fedora-gcc | 0.5.1 | 2189.58 | NOTE | |||
r-devel-windows-x86_64 | 0.5.1 | 1005.00 | 481.00 | 1486.00 | NOTE | |
r-patched-linux-x86_64 | 0.5.1 | 1152.45 | 578.01 | 1730.46 | NOTE | |
r-release-linux-x86_64 | 0.5.1 | 1143.97 | 574.91 | 1718.88 | NOTE | |
r-release-macos-arm64 | 0.5.1 | 550.00 | NOTE | |||
r-release-macos-x86_64 | 0.5.1 | 547.00 | NOTE | |||
r-release-windows-x86_64 | 0.5.1 | 1270.00 | 635.00 | 1905.00 | NOTE | |
r-oldrel-macos-arm64 | 0.5.1 | 550.00 | NOTE | |||
r-oldrel-macos-x86_64 | 0.5.1 | 632.00 | NOTE | |||
r-oldrel-windows-x86_64 | 0.5.1 | 1271.00 | 614.00 | 1885.00 | NOTE |
Version: 0.5.1
Check: for GNU extensions in Makefiles
Result: NOTE
GNU make is a SystemRequirements.
Flavors: r-devel-linux-x86_64-debian-clang, r-devel-linux-x86_64-debian-gcc, r-devel-linux-x86_64-fedora-clang, r-devel-linux-x86_64-fedora-gcc, r-devel-windows-x86_64, r-patched-linux-x86_64, r-release-linux-x86_64, r-release-macos-arm64, r-release-macos-x86_64, r-release-windows-x86_64, r-oldrel-macos-arm64, r-oldrel-macos-x86_64, r-oldrel-windows-x86_64
Version: 0.5.1
Check: package dependencies
Result: NOTE
Imports includes 22 non-default packages.
Importing from so many packages makes the package vulnerable to any of
them becoming unavailable. Move as many as possible to Suggests and
use conditionally.
Flavor: r-devel-linux-x86_64-fedora-clang
Version: 0.5.1
Check: installed package size
Result: NOTE
installed size is 15.8Mb
sub-directories of 1Mb or more:
doc 4.0Mb
libs 10.3Mb
Flavors: r-devel-linux-x86_64-fedora-clang, r-devel-windows-x86_64, r-release-macos-arm64, r-release-macos-x86_64, r-release-windows-x86_64, r-oldrel-macos-arm64, r-oldrel-macos-x86_64, r-oldrel-windows-x86_64