CRAN Package Check Results for Package multiverse

Last updated on 2021-10-22 00:50:33 CEST.

Flavor Version Tinstall Tcheck Ttotal Status Flags
r-devel-linux-x86_64-debian-clang 0.5.0 7.63 226.50 234.13 OK
r-devel-linux-x86_64-debian-gcc 0.5.0 5.57 168.45 174.02 OK
r-devel-linux-x86_64-fedora-clang 0.5.0 283.03 OK
r-devel-linux-x86_64-fedora-gcc 0.5.0 276.36 OK
r-devel-windows-x86_64 0.5.0 12.00 300.00 312.00 OK
r-devel-windows-x86_64-gcc10-UCRT 0.5.0 OK
r-patched-linux-x86_64 0.5.0 7.13 227.28 234.41 OK
r-patched-solaris-x86 0.5.0 138.10 NOTE
r-release-linux-x86_64 0.5.0 5.57 225.16 230.73 OK
r-release-macos-arm64 0.5.0 OK
r-release-macos-x86_64 0.5.0 OK
r-release-windows-ix86+x86_64 0.5.0 24.00 294.00 318.00 OK
r-oldrel-macos-x86_64 0.5.0 OK
r-oldrel-windows-ix86+x86_64 0.5.0 15.00 303.00 318.00 OK

Additional issues

noSuggests

Check Details

Version: 0.5.0
Check: package dependencies
Result: NOTE
    Package suggested but not available for checking: ‘gifski’
Flavor: r-patched-solaris-x86