CRAN Package Check Results for Package mvGPS

Last updated on 2024-02-24 00:51:21 CET.

Flavor Version Tinstall Tcheck Ttotal Status Flags
r-devel-linux-x86_64-debian-clang 1.2.2 11.54 133.45 144.99 NOTE
r-devel-linux-x86_64-debian-gcc 1.2.2 8.31 97.96 106.27 NOTE
r-devel-linux-x86_64-fedora-clang 1.2.2 175.66 NOTE
r-devel-linux-x86_64-fedora-gcc 1.2.2 184.76 NOTE
r-devel-windows-x86_64 1.2.2 10.00 109.00 119.00 NOTE
r-patched-linux-x86_64 1.2.2 8.42 129.65 138.07 NOTE
r-release-linux-x86_64 1.2.2 7.45 127.86 135.31 NOTE
r-release-macos-arm64 1.2.2 67.00 NOTE
r-release-macos-x86_64 1.2.2 102.00 NOTE
r-release-windows-x86_64 1.2.2 14.00 135.00 149.00 NOTE
r-oldrel-macos-arm64 1.2.2 65.00 NOTE
r-oldrel-windows-x86_64 1.2.2 15.00 137.00 152.00 OK

Check Details

Version: 1.2.2
Check: Rd files
Result: NOTE checkRd: (-1) bal.Rd:156: Escaped LaTeX specials: \& Flavors: r-devel-linux-x86_64-debian-clang, r-devel-linux-x86_64-debian-gcc, r-devel-linux-x86_64-fedora-clang, r-devel-linux-x86_64-fedora-gcc, r-devel-windows-x86_64, r-patched-linux-x86_64, r-release-linux-x86_64, r-release-macos-arm64, r-release-macos-x86_64, r-release-windows-x86_64

Version: 1.2.2
Check: dependencies in R code
Result: NOTE Namespace in Imports field not imported from: ‘Rdpack’ All declared Imports should be used. Flavors: r-devel-linux-x86_64-fedora-clang, r-devel-linux-x86_64-fedora-gcc, r-oldrel-macos-arm64