CRAN Package Check Results for Package mvMORPH

Last updated on 2022-01-28 00:49:01 CET.

Flavor Version Tinstall Tcheck Ttotal Status Flags
r-devel-linux-x86_64-debian-clang 1.1.4 31.07 264.63 295.70 OK
r-devel-linux-x86_64-debian-gcc 1.1.4 25.14 202.28 227.42 OK
r-devel-linux-x86_64-fedora-clang 1.1.4 353.73 OK
r-devel-linux-x86_64-fedora-gcc 1.1.4 353.29 OK
r-devel-windows-x86_64-new-UL 1.1.4 86.00 345.00 431.00 OK
r-devel-windows-x86_64-new-TK 1.1.4 WARN
r-patched-linux-x86_64 1.1.4 29.79 255.90 285.69 OK
r-release-linux-x86_64 1.1.4 27.07 254.15 281.22 OK
r-release-macos-arm64 1.1.4 OK
r-release-macos-x86_64 1.1.4 OK
r-release-windows-ix86+x86_64 1.1.4 70.00 362.00 432.00 OK
r-oldrel-macos-x86_64 1.1.4 OK
r-oldrel-windows-ix86+x86_64 1.1.4 69.00 373.00 442.00 OK

Check Details

Version: 1.1.4
Check: package dependencies
Result: NOTE
    Package suggested but not available for checking: 'car'
Flavor: r-devel-windows-x86_64-new-TK

Version: 1.1.4
Check: re-building of vignette outputs
Result: WARN
    Error(s) in re-building vignettes:
    --- re-building 'How_to_use_mvMORPH.Rmd' using rmarkdown
    Loading required package: phytools
    Loading required package: ape
    Loading required package: maps
    Loading required package: corpcor
    Loading required package: subplex
    ##
    ## mvMORPH package (1.1.4)
    ## Multivariate evolutionary models
    ##
    ## See the tutorials: browseVignettes("mvMORPH")
    ##
    ## To cite package 'mvMORPH': citation("mvMORPH")
    ##
    Done.
    Efficient parameterization is not yet implemented for user-defined constraints
    Please check the results carefully!!
    Efficient parameterization is not yet implemented for user-defined constraints
    Please check the results carefully!!
    --- finished re-building 'How_to_use_mvMORPH.Rmd'
    
    --- re-building 'tutorial_mvMORPH.Rmd' using rmarkdown
    Done.
    Quitting from lines 326-349 (tutorial_mvMORPH.Rmd)
    Error: processing vignette 'tutorial_mvMORPH.Rmd' failed with diagnostics:
    could not find function "ellipse"
    --- failed re-building 'tutorial_mvMORPH.Rmd'
    
    SUMMARY: processing the following file failed:
     'tutorial_mvMORPH.Rmd'
    
    Error: Vignette re-building failed.
    Execution halted
Flavor: r-devel-windows-x86_64-new-TK