Last updated on 2023-09-24 00:56:47 CEST.
Flavor | Version | Tinstall | Tcheck | Ttotal | Status | Flags |
---|---|---|---|---|---|---|
r-devel-linux-x86_64-debian-clang | 0.1-10 | 4.84 | 212.34 | 217.18 | OK | |
r-devel-linux-x86_64-debian-gcc | 0.1-10 | 3.78 | 156.73 | 160.51 | OK | |
r-devel-linux-x86_64-fedora-clang | 0.1-10 | 260.51 | NOTE | |||
r-devel-linux-x86_64-fedora-gcc | 0.1-10 | 262.62 | OK | |||
r-devel-windows-x86_64 | 0.1-10 | 6.00 | 178.00 | 184.00 | OK | |
r-patched-linux-x86_64 | 0.1-10 | 5.50 | 207.52 | 213.02 | OK | |
r-release-linux-x86_64 | 0.1-10 | 4.89 | 208.01 | 212.90 | OK | |
r-release-macos-arm64 | 0.1-10 | 76.00 | OK | |||
r-release-macos-x86_64 | 0.1-10 | 151.00 | NOTE | |||
r-release-windows-x86_64 | 0.1-10 | 6.00 | 231.00 | 237.00 | OK | |
r-oldrel-macos-arm64 | 0.1-10 | 69.00 | OK | |||
r-oldrel-macos-x86_64 | 0.1-10 | 94.00 | OK | |||
r-oldrel-windows-x86_64 | 0.1-10 | 7.00 | 243.00 | 250.00 | OK |
Version: 0.1-10
Check: Rd cross-references
Result: NOTE
Undeclared package ‘sampleSelection’ in Rd xrefs
Flavor: r-devel-linux-x86_64-fedora-clang
Version: 0.1-10
Check: Rd cross-references
Result: NOTE
Package unavailable to check Rd xrefs: ‘sampleSelection’
Flavor: r-release-macos-x86_64