CRAN Package Check Results for Package mvSLOUCH

Last updated on 2024-07-23 00:54:33 CEST.

Flavor Version Tinstall Tcheck Ttotal Status Flags
r-devel-linux-x86_64-debian-clang 2.7.6 33.93 282.88 316.81 OK
r-devel-linux-x86_64-debian-gcc 2.7.6 29.97 198.32 228.29 NOTE
r-devel-linux-x86_64-fedora-clang 2.7.6 406.82 OK
r-devel-linux-x86_64-fedora-gcc 2.7.6 368.94 OK
r-devel-windows-x86_64 2.7.6 31.00 176.00 207.00 NOTE
r-patched-linux-x86_64 2.7.6 42.43 254.90 297.33 OK
r-release-linux-x86_64 2.7.6 24.23 256.47 280.70 OK
r-release-macos-arm64 2.7.6 94.00 OK
r-release-macos-x86_64 2.7.6 190.00 OK
r-release-windows-x86_64 2.7.6 28.00 181.00 209.00 OK
r-oldrel-macos-arm64 2.7.6 93.00 OK
r-oldrel-macos-x86_64 2.7.6 317.00 OK
r-oldrel-windows-x86_64 2.7.6 36.00 231.00 267.00 OK

Check Details

Version: 2.7.6
Check: Rd cross-references
Result: NOTE Found the following Rd file(s) with Rd \link{} targets missing package anchors: phyltree_paths.Rd: ape Please provide package anchors for all Rd \link{} targets not in the package itself and the base packages. Flavors: r-devel-linux-x86_64-debian-gcc, r-devel-windows-x86_64