CRAN Package Check Results for Package mvord

Last updated on 2021-10-22 00:50:33 CEST.

Flavor Version Tinstall Tcheck Ttotal Status Flags
r-devel-linux-x86_64-debian-clang 1.1.1 13.17 197.15 210.32 OK
r-devel-linux-x86_64-debian-gcc 1.1.1 12.11 147.92 160.03 OK
r-devel-linux-x86_64-fedora-clang 1.1.1 265.67 NOTE
r-devel-linux-x86_64-fedora-gcc 1.1.1 254.64 OK
r-devel-windows-x86_64 1.1.1 22.00 264.00 286.00 OK
r-devel-windows-x86_64-gcc10-UCRT 1.1.1 OK
r-patched-linux-x86_64 1.1.1 17.46 192.31 209.77 OK
r-patched-solaris-x86 1.1.1 339.60 OK
r-release-linux-x86_64 1.1.1 13.58 195.24 208.82 OK
r-release-macos-arm64 1.1.1 OK
r-release-macos-x86_64 1.1.1 OK
r-release-windows-ix86+x86_64 1.1.1 20.00 353.00 373.00 OK
r-oldrel-macos-x86_64 1.1.1 OK
r-oldrel-windows-ix86+x86_64 1.1.1 32.00 353.00 385.00 OK

Check Details

Version: 1.1.1
Check: Rd cross-references
Result: NOTE
    Undeclared package ‘VGAM’ in Rd xrefs
Flavor: r-devel-linux-x86_64-fedora-clang