Last updated on 2023-09-29 00:56:54 CEST.
Flavor | Version | Tinstall | Tcheck | Ttotal | Status | Flags |
---|---|---|---|---|---|---|
r-devel-linux-x86_64-debian-clang | 1.0.3 | 15.41 | 205.28 | 220.69 | OK | |
r-devel-linux-x86_64-debian-gcc | 1.0.3 | 12.37 | 149.34 | 161.71 | OK | |
r-devel-linux-x86_64-fedora-clang | 1.0.3 | 303.59 | NOTE | |||
r-devel-linux-x86_64-fedora-gcc | 1.0.3 | 310.94 | NOTE | |||
r-devel-windows-x86_64 | 1.0.3 | 14.00 | 203.00 | 217.00 | OK | |
r-patched-linux-x86_64 | 1.0.3 | 13.43 | 192.35 | 205.78 | OK | |
r-release-linux-x86_64 | 1.0.3 | 10.63 | 193.12 | 203.75 | OK | |
r-release-macos-arm64 | 1.0.3 | 95.00 | OK | |||
r-release-macos-x86_64 | 1.0.3 | 216.00 | OK | |||
r-release-windows-x86_64 | 1.0.3 | 18.00 | 217.00 | 235.00 | OK | |
r-oldrel-macos-arm64 | 1.0.3 | 78.00 | OK | |||
r-oldrel-macos-x86_64 | 1.0.3 | 110.00 | OK | |||
r-oldrel-windows-x86_64 | 1.0.3 | 19.00 | 229.00 | 248.00 | OK |
Version: 1.0.3
Check: dependencies in R code
Result: NOTE
Namespaces in Imports field not imported from:
‘e1071’ ‘glue’
All declared Imports should be used.
Flavors: r-devel-linux-x86_64-fedora-clang, r-devel-linux-x86_64-fedora-gcc