CRAN Package Check Results for Package nLTT

Last updated on 2018-07-17 00:52:53 CEST.

Flavor Version Tinstall Tcheck Ttotal Status Flags
r-devel-linux-x86_64-debian-clang 1.4 1.58 241.34 242.92 OK
r-devel-linux-x86_64-debian-gcc 1.4 1.61 202.26 203.87 OK
r-devel-linux-x86_64-fedora-clang 1.4 317.00 NOTE
r-devel-linux-x86_64-fedora-gcc 1.4 312.91 NOTE
r-devel-windows-ix86+x86_64 1.4 6.00 343.00 349.00 OK
r-patched-linux-x86_64 1.4 1.50 273.78 275.28 OK
r-patched-solaris-x86 1.4 245.70 WARN
r-release-linux-x86_64 1.4 1.64 278.32 279.96 OK
r-release-windows-ix86+x86_64 1.4 5.00 331.00 336.00 OK
r-release-osx-x86_64 1.4 WARN
r-oldrel-windows-ix86+x86_64 1.4 3.00 309.00 312.00 OK
r-oldrel-osx-x86_64 1.4 WARN

Check Details

Version: 1.4
Check: dependencies in R code
Result: NOTE
    Namespace in Imports field not imported from: ‘deSolve’
     All declared Imports should be used.
Flavors: r-devel-linux-x86_64-fedora-clang, r-devel-linux-x86_64-fedora-gcc, r-patched-solaris-x86, r-release-osx-x86_64, r-oldrel-osx-x86_64

Version: 1.4
Check: re-building of vignette outputs
Result: WARN
    Error in re-building vignettes:
     ...
    Warning in engine$weave(file, quiet = quiet, encoding = enc) :
     Pandoc (>= 1.12.3) and/or pandoc-citeproc not available. Falling back to R Markdown v1.
    Warning in engine$weave(file, quiet = quiet, encoding = enc) :
     Pandoc (>= 1.12.3) and/or pandoc-citeproc not available. Falling back to R Markdown v1.
    Warning in engine$weave(file, quiet = quiet, encoding = enc) :
     Pandoc (>= 1.12.3) and/or pandoc-citeproc not available. Falling back to R Markdown v1.
    Warning in engine$weave(file, quiet = quiet, encoding = enc) :
     Pandoc (>= 1.12.3) and/or pandoc-citeproc not available. Falling back to R Markdown v1.
    Warning in engine$weave(file, quiet = quiet, encoding = enc) :
     Pandoc (>= 1.12.3) and/or pandoc-citeproc not available. Falling back to R Markdown v1.
    Error: processing vignette 'walkthrough.Rmd' failed with diagnostics:
    (converted from warning) Pandoc (>= 1.12.3) and/or pandoc-citeproc not available. Falling back to R Markdown v1.
    Execution halted
Flavors: r-patched-solaris-x86, r-release-osx-x86_64, r-oldrel-osx-x86_64