CRAN Package Check Results for Package nLTT

Last updated on 2018-10-19 00:50:11 CEST.

Flavor Version Tinstall Tcheck Ttotal Status Flags
r-devel-linux-x86_64-debian-clang 1.4 2.17 279.34 281.51 OK
r-devel-linux-x86_64-debian-gcc 1.4 1.57 204.91 206.48 OK
r-devel-linux-x86_64-fedora-clang 1.4 317.88 NOTE
r-devel-linux-x86_64-fedora-gcc 1.4 313.90 NOTE
r-devel-windows-ix86+x86_64 1.4 5.00 245.00 250.00 OK
r-patched-linux-x86_64 1.4 1.28 278.59 279.87 OK
r-patched-solaris-x86 1.4 244.40 WARN
r-release-linux-x86_64 1.4 1.59 275.11 276.70 OK
r-release-windows-ix86+x86_64 1.4 4.00 330.00 334.00 OK
r-release-osx-x86_64 1.4 WARN
r-oldrel-windows-ix86+x86_64 1.4 4.00 415.00 419.00 OK
r-oldrel-osx-x86_64 1.4 WARN

Check Details

Version: 1.4
Check: dependencies in R code
Result: NOTE
    Namespace in Imports field not imported from: ‘deSolve’
     All declared Imports should be used.
Flavors: r-devel-linux-x86_64-fedora-clang, r-devel-linux-x86_64-fedora-gcc, r-patched-solaris-x86, r-release-osx-x86_64, r-oldrel-osx-x86_64

Version: 1.4
Check: re-building of vignette outputs
Result: WARN
    Error in re-building vignettes:
     ...
    Warning in engine$weave(file, quiet = quiet, encoding = enc) :
     Pandoc (>= 1.12.3) and/or pandoc-citeproc not available. Falling back to R Markdown v1.
    Warning in engine$weave(file, quiet = quiet, encoding = enc) :
     Pandoc (>= 1.12.3) and/or pandoc-citeproc not available. Falling back to R Markdown v1.
    Warning in engine$weave(file, quiet = quiet, encoding = enc) :
     Pandoc (>= 1.12.3) and/or pandoc-citeproc not available. Falling back to R Markdown v1.
    Warning in engine$weave(file, quiet = quiet, encoding = enc) :
     Pandoc (>= 1.12.3) and/or pandoc-citeproc not available. Falling back to R Markdown v1.
    Warning in engine$weave(file, quiet = quiet, encoding = enc) :
     Pandoc (>= 1.12.3) and/or pandoc-citeproc not available. Falling back to R Markdown v1.
    Error: processing vignette 'walkthrough.Rmd' failed with diagnostics:
    (converted from warning) Pandoc (>= 1.12.3) and/or pandoc-citeproc not available. Falling back to R Markdown v1.
    Execution halted
Flavors: r-patched-solaris-x86, r-release-osx-x86_64, r-oldrel-osx-x86_64