CRAN Package Check Results for Package nLTT

Last updated on 2018-01-24 00:47:07 CET.

Flavor Version Tinstall Tcheck Ttotal Status Flags
r-devel-linux-x86_64-debian-clang 1.3.1 0.73 309.21 309.94 OK
r-devel-linux-x86_64-debian-gcc 1.3.1 0.82 212.90 213.72 OK
r-devel-linux-x86_64-fedora-clang 1.3.1 335.07 OK
r-devel-linux-x86_64-fedora-gcc 1.3.1 323.06 OK
r-devel-windows-ix86+x86_64 1.3.1 5.00 305.00 310.00 OK
r-patched-linux-x86_64 1.3.1 1.01 286.56 287.57 OK
r-patched-solaris-x86 1.3.1 218.80 WARN
r-release-linux-x86_64 1.3.1 1.12 292.48 293.60 OK
r-release-windows-ix86+x86_64 1.3.1 2.00 381.00 383.00 OK
r-release-osx-x86_64 1.3.1 WARN
r-oldrel-windows-ix86+x86_64 1.3.1 4.00 467.00 471.00 OK
r-oldrel-osx-x86_64 1.3.1 WARN

Check Details

Version: 1.3.1
Check: re-building of vignette outputs
Result: WARN
    Error in re-building vignettes:
     ...
    Warning in engine$weave(file, quiet = quiet, encoding = enc) :
     Pandoc (>= 1.12.3) and/or pandoc-citeproc not available. Falling back to R Markdown v1.
    Error: processing vignette 'vignette_get_nltt_values.Rmd' failed with diagnostics:
    (converted from warning) Pandoc (>= 1.12.3) and/or pandoc-citeproc not available. Falling back to R Markdown v1.
    Execution halted
Flavors: r-patched-solaris-x86, r-release-osx-x86_64

Version: 1.3.1
Check: re-building of vignette outputs
Result: WARN
    Error in re-building vignettes:
     ...
    Warning: It seems you should call rmarkdown::render() instead of knitr::knit2html() because trees_with_root_edge.Rmd appears to be an R Markdown v2 document.
    Error: processing vignette 'vignette_get_nltt_values.Rmd' failed with diagnostics:
    (converted from warning) It seems you should call rmarkdown::render() instead of knitr::knit2html() because vignette_get_nltt_values.Rmd appears to be an R Markdown v2 document.
    Execution halted
Flavor: r-oldrel-osx-x86_64