CRAN Package Check Results for Package na.tools

Last updated on 2021-10-28 00:48:52 CEST.

Flavor Version Tinstall Tcheck Ttotal Status Flags
r-devel-linux-x86_64-debian-clang 0.3.1 2.22 25.32 27.54 NOTE
r-devel-linux-x86_64-debian-gcc 0.3.1 1.68 20.47 22.15 NOTE
r-devel-linux-x86_64-fedora-clang 0.3.1 44.84 NOTE
r-devel-linux-x86_64-fedora-gcc 0.3.1 34.29 NOTE
r-devel-windows-x86_64 0.3.1 5.00 34.00 39.00 NOTE
r-devel-windows-x86_64-gcc10-UCRT 0.3.1 NOTE
r-patched-linux-x86_64 0.3.1 2.27 25.07 27.34 NOTE
r-patched-solaris-x86 0.3.1 53.40 NOTE
r-release-linux-x86_64 0.3.1 2.10 25.04 27.14 NOTE
r-release-macos-arm64 0.3.1 NOTE
r-release-macos-x86_64 0.3.1 NOTE
r-release-windows-ix86+x86_64 0.3.1 4.00 43.00 47.00 NOTE
r-oldrel-macos-x86_64 0.3.1 OK
r-oldrel-windows-ix86+x86_64 0.3.1 5.00 43.00 48.00 OK

Check Details

Version: 0.3.1
Check: LazyData
Result: NOTE
     'LazyData' is specified without a 'data' directory
Flavors: r-devel-linux-x86_64-debian-clang, r-devel-linux-x86_64-debian-gcc, r-devel-linux-x86_64-fedora-clang, r-devel-linux-x86_64-fedora-gcc, r-devel-windows-x86_64, r-devel-windows-x86_64-gcc10-UCRT, r-patched-linux-x86_64, r-patched-solaris-x86, r-release-linux-x86_64, r-release-macos-arm64, r-release-macos-x86_64, r-release-windows-ix86+x86_64