CRAN Package Check Results for Package namer

Last updated on 2021-10-26 00:59:58 CEST.

Flavor Version Tinstall Tcheck Ttotal Status Flags
r-devel-linux-x86_64-debian-clang 0.1.5 2.06 30.17 32.23 NOTE
r-devel-linux-x86_64-debian-gcc 0.1.5 1.75 23.22 24.97 NOTE
r-devel-linux-x86_64-fedora-clang 0.1.5 50.54 NOTE
r-devel-linux-x86_64-fedora-gcc 0.1.5 39.24 NOTE
r-devel-windows-x86_64 0.1.5 4.00 53.00 57.00 NOTE
r-devel-windows-x86_64-gcc10-UCRT 0.1.5 NOTE
r-patched-linux-x86_64 0.1.5 2.27 28.52 30.79 NOTE
r-patched-solaris-x86 0.1.5 55.20 NOTE
r-release-linux-x86_64 0.1.5 1.81 28.40 30.21 NOTE
r-release-macos-arm64 0.1.5 NOTE
r-release-macos-x86_64 0.1.5 NOTE
r-release-windows-ix86+x86_64 0.1.5 4.00 49.00 53.00 NOTE
r-oldrel-macos-x86_64 0.1.5 OK
r-oldrel-windows-ix86+x86_64 0.1.5 6.00 50.00 56.00 OK

Check Details

Version: 0.1.5
Check: LazyData
Result: NOTE
     'LazyData' is specified without a 'data' directory
Flavors: r-devel-linux-x86_64-debian-clang, r-devel-linux-x86_64-debian-gcc, r-devel-linux-x86_64-fedora-clang, r-devel-linux-x86_64-fedora-gcc, r-devel-windows-x86_64, r-devel-windows-x86_64-gcc10-UCRT, r-patched-linux-x86_64, r-patched-solaris-x86, r-release-linux-x86_64, r-release-macos-arm64, r-release-macos-x86_64, r-release-windows-ix86+x86_64