CRAN Package Check Results for Package nanop

Last updated on 2021-10-15 00:49:09 CEST.

Flavor Version Tinstall Tcheck Ttotal Status Flags
r-devel-linux-x86_64-debian-clang 2.0-6 8.87 61.42 70.29 OK
r-devel-linux-x86_64-debian-gcc 2.0-6 8.40 44.82 53.22 OK
r-devel-linux-x86_64-fedora-clang 2.0-6 97.80 NOTE
r-devel-linux-x86_64-fedora-gcc 2.0-6 86.80 NOTE
r-devel-windows-x86_64 2.0-6 14.00 63.00 77.00 OK
r-devel-windows-x86_64-gcc10-UCRT 2.0-6 OK
r-patched-linux-x86_64 2.0-6 9.22 60.46 69.68 OK
r-patched-solaris-x86 2.0-6 132.70 OK
r-release-linux-x86_64 2.0-6 9.38 59.82 69.20 OK
r-release-macos-arm64 2.0-6 OK
r-release-macos-x86_64 2.0-6 OK
r-release-windows-ix86+x86_64 2.0-6 21.00 107.00 128.00 OK
r-oldrel-macos-x86_64 2.0-6 OK
r-oldrel-windows-ix86+x86_64 2.0-6 22.00 117.00 139.00 OK

Check Details

Version: 2.0-6
Check: compiled code
Result: NOTE
    File ‘nanop/libs/nanop.so’:
     Found no calls to: ‘R_registerRoutines’, ‘R_useDynamicSymbols’
    
    It is good practice to register native routines and to disable symbol
    search.
    
    See ‘Writing portable packages’ in the ‘Writing R Extensions’ manual.
Flavors: r-devel-linux-x86_64-fedora-clang, r-devel-linux-x86_64-fedora-gcc