Last updated on 2023-12-06 00:58:20 CET.
Flavor | Version | Tinstall | Tcheck | Ttotal | Status | Flags |
---|---|---|---|---|---|---|
r-devel-linux-x86_64-debian-clang | 0.3.7 | 77.05 | 82.32 | 159.37 | NOTE | |
r-devel-linux-x86_64-debian-gcc | 0.3.7 | 54.72 | 61.40 | 116.12 | NOTE | |
r-devel-linux-x86_64-fedora-clang | 0.3.7 | 230.00 | NOTE | |||
r-devel-linux-x86_64-fedora-gcc | 0.3.7 | 234.90 | NOTE | |||
r-devel-windows-x86_64 | 0.3.7 | 61.00 | 112.00 | 173.00 | NOTE | |
r-patched-linux-x86_64 | 0.3.7 | 71.46 | 79.12 | 150.58 | NOTE | |
r-release-linux-x86_64 | 0.3.7 | 69.01 | 79.08 | 148.09 | NOTE | |
r-release-macos-arm64 | 0.3.7 | 66.00 | NOTE | |||
r-release-macos-x86_64 | 0.3.7 | 117.00 | NOTE | |||
r-release-windows-x86_64 | 0.3.7 | 80.00 | 129.00 | 209.00 | NOTE | |
r-oldrel-macos-arm64 | 0.3.7 | 64.00 | OK | |||
r-oldrel-macos-x86_64 | 0.3.7 | 78.00 | OK | |||
r-oldrel-windows-x86_64 | 0.3.7 | 77.00 | 117.00 | 194.00 | OK |
Version: 0.3.7
Check: C++ specification
Result: NOTE
Specified C++11: please drop specification unless essential
Flavors: r-devel-linux-x86_64-debian-clang, r-devel-linux-x86_64-debian-gcc, r-devel-linux-x86_64-fedora-clang, r-devel-linux-x86_64-fedora-gcc, r-devel-windows-x86_64, r-patched-linux-x86_64, r-release-linux-x86_64, r-release-macos-arm64, r-release-macos-x86_64, r-release-windows-x86_64
Version: 0.3.7
Check: Rd files
Result: NOTE
checkRd: (-1) nanoperiod.Rd:268: Lost braces
268 | possible to use the binary operator `code{+}`. Instead the
| ^
Flavors: r-devel-linux-x86_64-debian-clang, r-devel-linux-x86_64-debian-gcc