Last updated on 2023-09-27 23:37:39 CEST.
Flavor | Version | Tinstall | Tcheck | Ttotal | Status | Flags |
---|---|---|---|---|---|---|
r-devel-linux-x86_64-debian-clang | 1.8.23 | 17.33 | 175.57 | 192.90 | OK | |
r-devel-linux-x86_64-debian-gcc | 1.8.23 | 12.83 | 128.81 | 141.64 | OK | |
r-devel-linux-x86_64-fedora-clang | 1.8.23 | 247.05 | NOTE | |||
r-devel-linux-x86_64-fedora-gcc | 1.8.23 | 248.85 | NOTE | |||
r-devel-windows-x86_64 | 1.8.23 | 17.00 | 167.00 | 184.00 | OK | |
r-patched-linux-x86_64 | 1.8.23 | 24.15 | 166.57 | 190.72 | OK | |
r-release-linux-x86_64 | 1.8.23 | 12.50 | 168.99 | 181.49 | OK | |
r-release-macos-arm64 | 1.8.23 | 85.00 | OK | |||
r-release-macos-x86_64 | 1.8.23 | 183.00 | OK | |||
r-release-windows-x86_64 | 1.8.23 | 22.00 | 206.00 | 228.00 | OK | |
r-oldrel-macos-arm64 | 1.8.23 | 81.00 | OK | |||
r-oldrel-macos-x86_64 | 1.8.23 | 88.00 | OK | |||
r-oldrel-windows-x86_64 | 1.8.23 | 23.00 | 171.00 | 194.00 | OK |
Version: 1.8.23
Check: for detritus in the temp directory
Result: NOTE
Found the following files/directories:
‘Crashpad’
Flavors: r-devel-linux-x86_64-fedora-clang, r-devel-linux-x86_64-fedora-gcc