Last updated on 2023-11-28 00:56:55 CET.
Flavor | Version | Tinstall | Tcheck | Ttotal | Status | Flags |
---|---|---|---|---|---|---|
r-devel-linux-x86_64-debian-clang | 2.0.0 | 18.43 | 258.00 | 276.43 | NOTE | |
r-devel-linux-x86_64-debian-gcc | 2.0.0 | 13.93 | 187.07 | 201.00 | NOTE | |
r-devel-linux-x86_64-fedora-clang | 2.0.0 | 332.96 | NOTE | |||
r-devel-linux-x86_64-fedora-gcc | 2.0.0 | 330.71 | NOTE | |||
r-devel-windows-x86_64 | 2.0.0 | 15.00 | 188.00 | 203.00 | NOTE | |
r-patched-linux-x86_64 | 2.0.0 | 12.02 | 242.25 | 254.27 | NOTE | |
r-release-linux-x86_64 | 2.0.0 | 11.50 | 239.98 | 251.48 | NOTE | |
r-release-macos-arm64 | 2.0.0 | 108.00 | NOTE | |||
r-release-macos-x86_64 | 2.0.0 | 180.00 | NOTE | |||
r-release-windows-x86_64 | 2.0.0 | 21.00 | 229.00 | 250.00 | NOTE | |
r-oldrel-macos-arm64 | 2.0.0 | 69.00 | NOTE | |||
r-oldrel-macos-x86_64 | 2.0.0 | 145.00 | NOTE | |||
r-oldrel-windows-x86_64 | 2.0.0 | 22.00 | 222.00 | 244.00 | NOTE |
Version: 2.0.0
Check: package dependencies
Result: NOTE
Package suggested but not available for checking: ‘gurobi’
Flavors: r-devel-linux-x86_64-debian-clang, r-devel-linux-x86_64-debian-gcc, r-devel-linux-x86_64-fedora-clang, r-devel-linux-x86_64-fedora-gcc, r-devel-windows-x86_64, r-patched-linux-x86_64, r-release-linux-x86_64, r-release-macos-arm64, r-release-macos-x86_64, r-release-windows-x86_64, r-oldrel-macos-arm64, r-oldrel-macos-x86_64, r-oldrel-windows-x86_64