CRAN Package Check Results for Package natstrat

Last updated on 2021-10-22 00:50:33 CEST.

Flavor Version Tinstall Tcheck Ttotal Status Flags
r-devel-linux-x86_64-debian-clang 2.0.0 14.03 166.42 180.45 NOTE
r-devel-linux-x86_64-debian-gcc 2.0.0 13.02 127.23 140.25 NOTE
r-devel-linux-x86_64-fedora-clang 2.0.0 229.83 NOTE
r-devel-linux-x86_64-fedora-gcc 2.0.0 215.87 NOTE
r-devel-windows-x86_64 2.0.0 19.00 203.00 222.00 NOTE
r-devel-windows-x86_64-gcc10-UCRT 2.0.0 NOTE
r-patched-linux-x86_64 2.0.0 15.68 159.78 175.46 NOTE
r-patched-solaris-x86 2.0.0 239.20 WARN
r-release-linux-x86_64 2.0.0 13.94 158.68 172.62 NOTE
r-release-macos-arm64 1.0.0 NOTE
r-release-macos-x86_64 2.0.0 NOTE
r-release-windows-ix86+x86_64 2.0.0 30.00 144.00 174.00 NOTE
r-oldrel-macos-x86_64 2.0.0 NOTE
r-oldrel-windows-ix86+x86_64 2.0.0 25.00 147.00 172.00 NOTE

Check Details

Version: 2.0.0
Check: package dependencies
Result: NOTE
    Package suggested but not available for checking: 'gurobi'
Flavors: r-devel-linux-x86_64-debian-clang, r-devel-linux-x86_64-debian-gcc, r-devel-linux-x86_64-fedora-clang, r-devel-linux-x86_64-fedora-gcc, r-devel-windows-x86_64, r-devel-windows-x86_64-gcc10-UCRT, r-patched-linux-x86_64, r-patched-solaris-x86, r-release-linux-x86_64, r-release-macos-x86_64, r-release-windows-ix86+x86_64, r-oldrel-macos-x86_64, r-oldrel-windows-ix86+x86_64

Version: 2.0.0
Check: re-building of vignette outputs
Result: WARN
    Error(s) in re-building vignettes:
     ...
    --- re-building ‘natstrat.Rmd’ using rmarkdown
    Pandoc is required to build R Markdown vignettes but not available. Please make sure it is installed.
    Quitting from lines 73-83 (natstrat.Rmd)
    Error: processing vignette 'natstrat.Rmd' failed with diagnostics:
    there is no package called 'webshot'
    --- failed re-building ‘natstrat.Rmd’
    
    SUMMARY: processing the following file failed:
     ‘natstrat.Rmd’
    
    Error: Vignette re-building failed.
    Execution halted
Flavor: r-patched-solaris-x86

Version: 1.0.0
Check: package dependencies
Result: NOTE
    Package suggested but not available for checking: ‘gurobi’
Flavor: r-release-macos-arm64