CRAN Package Check Results for Package naturaList

Last updated on 2021-11-29 00:48:35 CET.

Flavor Version Tinstall Tcheck Ttotal Status Flags
r-devel-linux-x86_64-debian-clang 0.4.2 OK
r-devel-linux-x86_64-debian-gcc 0.4.2 3.28 89.51 92.79 OK
r-devel-linux-x86_64-fedora-clang 0.4.2 154.93 NOTE
r-devel-linux-x86_64-fedora-gcc 0.4.2 143.93 NOTE
r-devel-windows-x86_64-new-UL 0.4.2 15.00 180.00 195.00 OK
r-devel-windows-x86_64-new-TK 0.4.2 NOTE
r-devel-windows-x86_64-old 0.4.2 8.00 161.00 169.00 OK
r-patched-linux-x86_64 0.4.2 4.13 113.38 117.51 OK
r-patched-solaris-x86 0.4.2 202.90 NOTE
r-release-linux-x86_64 0.4.2 3.88 114.97 118.85 OK
r-release-macos-arm64 0.4.2 NOTE
r-release-macos-x86_64 0.4.2 NOTE
r-release-windows-ix86+x86_64 0.4.2 10.00 111.00 121.00 OK
r-oldrel-macos-x86_64 0.4.2 NOTE
r-oldrel-windows-ix86+x86_64 0.4.2 10.00 151.00 161.00 OK

Check Details

Version: 0.4.2
Check: data for non-ASCII characters
Result: NOTE
     Note: found 5 marked Latin-1 strings
     Note: found 7187 marked UTF-8 strings
Flavors: r-devel-linux-x86_64-fedora-clang, r-devel-linux-x86_64-fedora-gcc, r-devel-windows-x86_64-new-TK, r-patched-solaris-x86, r-release-macos-arm64, r-release-macos-x86_64, r-oldrel-macos-x86_64