Last updated on 2023-06-08 01:02:34 CEST.
Flavor | Version | Tinstall | Tcheck | Ttotal | Status | Flags |
---|---|---|---|---|---|---|
r-devel-linux-x86_64-debian-clang | 1.21 | 10.10 | 41.02 | 51.12 | OK | |
r-devel-linux-x86_64-debian-gcc | 1.21 | 7.49 | 31.40 | 38.89 | OK | |
r-devel-linux-x86_64-fedora-clang | 1.21 | 64.65 | OK | |||
r-devel-linux-x86_64-fedora-gcc | 1.21 | 61.08 | OK | |||
r-devel-windows-x86_64 | 1.21 | 12.00 | 161.00 | 173.00 | NOTE | |
r-patched-linux-x86_64 | 1.21 | 8.68 | 39.38 | 48.06 | OK | |
r-release-linux-x86_64 | 1.21 | 8.24 | 40.06 | 48.30 | OK | |
r-release-macos-arm64 | 1.21 | 27.00 | NOTE | |||
r-release-macos-x86_64 | 1.21 | 36.00 | NOTE | |||
r-release-windows-x86_64 | 1.21 | 16.00 | 198.00 | 214.00 | NOTE | |
r-oldrel-macos-arm64 | 1.21 | 26.00 | NOTE | |||
r-oldrel-macos-x86_64 | 1.21 | 32.00 | NOTE | |||
r-oldrel-windows-x86_64 | 1.21 | 32.00 | 260.00 | 292.00 | NOTE |
Version: 1.21
Check: installed package size
Result: NOTE
installed size is 14.7Mb
sub-directories of 1Mb or more:
libs 14.4Mb
Flavors: r-devel-windows-x86_64, r-release-macos-arm64, r-release-macos-x86_64, r-release-windows-x86_64, r-oldrel-macos-arm64, r-oldrel-macos-x86_64, r-oldrel-windows-x86_64