CRAN Package Check Results for Package ncdump

Last updated on 2023-09-24 00:56:47 CEST.

Flavor Version Tinstall Tcheck Ttotal Status Flags
r-devel-linux-x86_64-debian-clang 0.0.3 4.07 43.46 47.53 NOTE
r-devel-linux-x86_64-debian-gcc 0.0.3 4.10 32.49 36.59 NOTE
r-devel-linux-x86_64-fedora-clang 0.0.3 61.28 NOTE
r-devel-linux-x86_64-fedora-gcc 0.0.3 57.26 NOTE
r-devel-windows-x86_64 0.0.3 5.00 51.00 56.00 NOTE
r-patched-linux-x86_64 0.0.3 5.05 41.59 46.64 NOTE
r-release-linux-x86_64 0.0.3 4.50 42.56 47.06 NOTE
r-release-macos-arm64 0.0.3 23.00 NOTE
r-release-macos-x86_64 0.0.3 33.00 NOTE
r-release-windows-x86_64 0.0.3 6.00 55.00 61.00 NOTE
r-oldrel-macos-arm64 0.0.3 20.00 NOTE
r-oldrel-macos-x86_64 0.0.3 41.00 NOTE
r-oldrel-windows-x86_64 0.0.3 7.00 59.00 66.00 NOTE

Check Details

Version: 0.0.3
Check: LazyData
Result: NOTE
     'LazyData' is specified without a 'data' directory
Flavors: r-devel-linux-x86_64-debian-clang, r-devel-linux-x86_64-debian-gcc, r-devel-linux-x86_64-fedora-clang, r-devel-linux-x86_64-fedora-gcc, r-devel-windows-x86_64, r-patched-linux-x86_64, r-release-linux-x86_64, r-release-macos-arm64, r-release-macos-x86_64, r-release-windows-x86_64, r-oldrel-macos-arm64, r-oldrel-macos-x86_64, r-oldrel-windows-x86_64