CRAN Package Check Results for Package ncdump

Last updated on 2021-10-16 00:49:23 CEST.

Flavor Version Tinstall Tcheck Ttotal Status Flags
r-devel-linux-x86_64-debian-clang 0.0.3 3.93 42.64 46.57 NOTE
r-devel-linux-x86_64-debian-gcc 0.0.3 3.21 32.25 35.46 NOTE
r-devel-linux-x86_64-fedora-clang 0.0.3 66.14 NOTE
r-devel-linux-x86_64-fedora-gcc 0.0.3 53.87 NOTE
r-devel-windows-x86_64 0.0.3 5.00 44.00 49.00 NOTE
r-devel-windows-x86_64-gcc10-UCRT 0.0.3 NOTE
r-patched-linux-x86_64 0.0.3 3.98 40.19 44.17 NOTE
r-patched-solaris-x86 0.0.3 80.10 NOTE
r-release-linux-x86_64 0.0.3 4.07 39.67 43.74 NOTE
r-release-macos-arm64 0.0.3 NOTE
r-release-macos-x86_64 0.0.3 NOTE
r-release-windows-ix86+x86_64 0.0.3 10.00 65.00 75.00 NOTE
r-oldrel-macos-x86_64 0.0.3 OK
r-oldrel-windows-ix86+x86_64 0.0.3 10.00 66.00 76.00 OK

Check Details

Version: 0.0.3
Check: LazyData
Result: NOTE
     'LazyData' is specified without a 'data' directory
Flavors: r-devel-linux-x86_64-debian-clang, r-devel-linux-x86_64-debian-gcc, r-devel-linux-x86_64-fedora-clang, r-devel-linux-x86_64-fedora-gcc, r-devel-windows-x86_64, r-devel-windows-x86_64-gcc10-UCRT, r-patched-linux-x86_64, r-patched-solaris-x86, r-release-linux-x86_64, r-release-macos-arm64, r-release-macos-x86_64, r-release-windows-ix86+x86_64