CRAN Package Check Results for Package neat

Last updated on 2021-10-21 00:49:52 CEST.

Flavor Version Tinstall Tcheck Ttotal Status Flags
r-devel-linux-x86_64-debian-clang 1.2.3 2.62 34.73 37.35 OK
r-devel-linux-x86_64-debian-gcc 1.2.3 2.11 28.29 30.40 OK
r-devel-linux-x86_64-fedora-clang 1.2.3 56.27 OK
r-devel-linux-x86_64-fedora-gcc 1.2.3 46.64 OK
r-devel-windows-x86_64 1.2.3 5.00 64.00 69.00 OK
r-devel-windows-x86_64-gcc10-UCRT 1.2.3 ERROR
r-patched-linux-x86_64 1.2.3 2.80 34.00 36.80 OK
r-patched-solaris-x86 1.2.3 70.20 OK
r-release-linux-x86_64 1.2.3 2.62 34.83 37.45 OK
r-release-macos-arm64 1.2.3 OK
r-release-macos-x86_64 1.2.3 OK
r-release-windows-ix86+x86_64 1.2.3 4.00 56.00 60.00 OK
r-oldrel-macos-x86_64 1.2.3 OK
r-oldrel-windows-ix86+x86_64 1.2.3 5.00 61.00 66.00 OK

Check Details

Version: 1.2.3
Check: package dependencies
Result: ERROR
    Package required but not available: 'igraph'
    
    See section 'The DESCRIPTION file' in the 'Writing R Extensions'
    manual.
Flavor: r-devel-windows-x86_64-gcc10-UCRT