CRAN Package Check Results for Package nestcolor

Last updated on 2024-04-14 00:57:39 CEST.

Flavor Version Tinstall Tcheck Ttotal Status Flags
r-devel-linux-x86_64-debian-clang 0.1.2 2.76 42.30 45.06 NOTE
r-devel-linux-x86_64-debian-gcc 0.1.2 2.30 33.21 35.51 NOTE
r-devel-linux-x86_64-fedora-clang 0.1.2 55.37 NOTE
r-devel-linux-x86_64-fedora-gcc 0.1.2 69.90 NOTE
r-devel-windows-x86_64 0.1.2 4.00 54.00 58.00 NOTE
r-patched-linux-x86_64 0.1.2 2.83 41.69 44.52 NOTE
r-release-linux-x86_64 0.1.2 2.89 37.44 40.33 OK
r-release-macos-arm64 0.1.2 31.00 OK
r-release-macos-x86_64 0.1.2 49.00 OK
r-release-windows-x86_64 0.1.2 5.00 54.00 59.00 OK
r-oldrel-macos-arm64 0.1.2 27.00 OK
r-oldrel-windows-x86_64 0.1.2 5.00 58.00 63.00 OK

Check Details

Version: 0.1.2
Check: Rd files
Result: NOTE checkRd: (-1) color_palette.Rd:16: Lost braces in \itemize; meant \describe ? checkRd: (-1) color_palette.Rd:17: Lost braces in \itemize; meant \describe ? checkRd: (-1) color_palette.Rd:18: Lost braces in \itemize; meant \describe ? checkRd: (-1) color_palette.Rd:19: Lost braces in \itemize; meant \describe ? checkRd: (-1) color_palette.Rd:26: Lost braces in \itemize; meant \describe ? checkRd: (-1) color_palette.Rd:27: Lost braces in \itemize; meant \describe ? checkRd: (-1) color_palette.Rd:28: Lost braces in \itemize; meant \describe ? checkRd: (-1) color_palette.Rd:29: Lost braces in \itemize; meant \describe ? Flavors: r-devel-linux-x86_64-debian-clang, r-devel-linux-x86_64-debian-gcc, r-devel-linux-x86_64-fedora-clang, r-devel-linux-x86_64-fedora-gcc, r-devel-windows-x86_64, r-patched-linux-x86_64