CRAN Package Check Results for Package netUtils

Last updated on 2024-06-13 00:55:24 CEST.

Flavor Version Tinstall Tcheck Ttotal Status Flags
r-devel-linux-x86_64-debian-clang 0.8.2 71.06 46.58 117.64 OK
r-devel-linux-x86_64-debian-gcc 0.8.2 0.40 1.58 1.98 ERROR
r-devel-linux-x86_64-fedora-clang 0.8.2 161.81 OK
r-devel-linux-x86_64-fedora-gcc 0.8.2 163.18 OK
r-devel-windows-x86_64 0.8.2 50.00 78.00 128.00 OK
r-patched-linux-x86_64 0.8.2 58.16 43.82 101.98 OK
r-release-linux-x86_64 0.8.2 53.88 44.26 98.14 OK
r-release-macos-arm64 0.8.2 37.00 OK
r-release-macos-x86_64 0.8.2 45.00 OK
r-release-windows-x86_64 0.8.2 52.00 76.00 128.00 OK
r-oldrel-macos-arm64 0.8.2 36.00 OK
r-oldrel-macos-x86_64 0.8.2 60.00 OK
r-oldrel-windows-x86_64 0.8.2 64.00 90.00 154.00 OK

Check Details

Version: 0.8.2
Check: package dependencies
Result: ERROR Package required but not available: ‘igraph’ Package suggested but not available for checking: ‘testthat’ See section ‘The DESCRIPTION file’ in the ‘Writing R Extensions’ manual. Flavor: r-devel-linux-x86_64-debian-gcc