CRAN Package Check Results for Package networkD3

Last updated on 2021-10-22 00:50:33 CEST.

Flavor Version Tinstall Tcheck Ttotal Status Flags
r-devel-linux-x86_64-debian-clang 0.4 2.48 33.71 36.19 OK
r-devel-linux-x86_64-debian-gcc 0.4 2.30 26.32 28.62 OK
r-devel-linux-x86_64-fedora-clang 0.4 55.25 OK
r-devel-linux-x86_64-fedora-gcc 0.4 44.38 OK
r-devel-windows-x86_64 0.4 6.00 67.00 73.00 OK
r-devel-windows-x86_64-gcc10-UCRT 0.4 ERROR
r-patched-linux-x86_64 0.4 5.75 32.53 38.28 OK
r-patched-solaris-x86 0.4 76.80 OK
r-release-linux-x86_64 0.4 3.02 32.60 35.62 OK
r-release-macos-arm64 0.4 OK
r-release-macos-x86_64 0.4 OK
r-release-windows-ix86+x86_64 0.4 5.00 51.00 56.00 OK
r-oldrel-macos-x86_64 0.4 OK
r-oldrel-windows-ix86+x86_64 0.4 7.00 51.00 58.00 OK

Check Details

Version: 0.4
Check: package dependencies
Result: ERROR
    Package required but not available: 'igraph'
    
    See section 'The DESCRIPTION file' in the 'Writing R Extensions'
    manual.
Flavor: r-devel-windows-x86_64-gcc10-UCRT