Last updated on 2023-01-30 00:31:18 CET.
Flavor | Version | Tinstall | Tcheck | Ttotal | Status | Flags |
---|---|---|---|---|---|---|
r-devel-linux-x86_64-debian-clang | 0.1-1 | 1960.08 | 311.82 | 2271.90 | NOTE | |
r-devel-linux-x86_64-debian-gcc | 0.1-1 | 1810.38 | 343.65 | 2154.03 | NOTE | |
r-devel-linux-x86_64-fedora-clang | 0.1-1 | 2825.02 | NOTE | |||
r-devel-linux-x86_64-fedora-gcc | 0.1-1 | 3745.47 | NOTE | |||
r-devel-windows-x86_64 | 0.1-1 | 1763.00 | 582.00 | 2345.00 | NOTE | |
r-patched-linux-x86_64 | 0.1-1 | 1643.87 | 419.24 | 2063.11 | NOTE | |
r-release-linux-x86_64 | 0.1-1 | 1537.88 | 428.91 | 1966.79 | NOTE | |
r-release-macos-arm64 | 0.1-1 | 786.00 | NOTE | |||
r-release-macos-x86_64 | 0.1-1 | 1285.00 | NOTE | |||
r-release-windows-x86_64 | 0.1-1 | 1560.00 | 549.00 | 2109.00 | NOTE | |
r-oldrel-macos-arm64 | 0.1-1 | 802.00 | NOTE | |||
r-oldrel-macos-x86_64 | 0.1-1 | 985.00 | NOTE | |||
r-oldrel-windows-ix86+x86_64 | 0.1-1 | 4279.00 | 696.00 | 4975.00 | NOTE |
Version: 0.1-1
Check: for GNU extensions in Makefiles
Result: NOTE
GNU make is a SystemRequirements.
Flavors: r-devel-linux-x86_64-debian-clang, r-devel-linux-x86_64-debian-gcc, r-devel-linux-x86_64-fedora-clang, r-devel-linux-x86_64-fedora-gcc, r-devel-windows-x86_64, r-patched-linux-x86_64, r-release-linux-x86_64, r-release-macos-arm64, r-release-macos-x86_64, r-release-windows-x86_64, r-oldrel-macos-arm64, r-oldrel-macos-x86_64, r-oldrel-windows-ix86+x86_64
Version: 0.1-1
Check: C++ specification
Result: NOTE
Specified C++14: please update to current default of C++17
Flavors: r-devel-linux-x86_64-debian-gcc, r-devel-linux-x86_64-fedora-clang, r-devel-linux-x86_64-fedora-gcc, r-devel-windows-x86_64
Version: 0.1-1
Check: installed package size
Result: NOTE
installed size is 19.8Mb
sub-directories of 1Mb or more:
libs 19.0Mb
Flavors: r-devel-linux-x86_64-fedora-clang, r-devel-windows-x86_64, r-release-macos-arm64, r-release-macos-x86_64, r-release-windows-x86_64, r-oldrel-macos-arm64, r-oldrel-macos-x86_64, r-oldrel-windows-ix86+x86_64
Version: 0.1-1
Check: dependencies in R code
Result: NOTE
Namespaces in Imports field not imported from:
‘RcppParallel’ ‘rstantools’
All declared Imports should be used.
Flavors: r-devel-linux-x86_64-fedora-clang, r-devel-linux-x86_64-fedora-gcc, r-release-macos-arm64, r-release-macos-x86_64, r-oldrel-macos-arm64, r-oldrel-macos-x86_64