CRAN Package Check Results for Package networktools

Last updated on 2021-10-23 00:49:01 CEST.

Flavor Version Tinstall Tcheck Ttotal Status Flags
r-devel-linux-x86_64-debian-clang 1.4.0 17.06 140.35 157.41 OK
r-devel-linux-x86_64-debian-gcc 1.4.0 13.79 104.46 118.25 OK
r-devel-linux-x86_64-fedora-clang 1.4.0 204.88 OK
r-devel-linux-x86_64-fedora-gcc 1.4.0 192.65 OK
r-devel-windows-x86_64 1.4.0 28.00 174.00 202.00 OK
r-devel-windows-x86_64-gcc10-UCRT 1.4.0 ERROR
r-patched-linux-x86_64 1.4.0 20.51 131.96 152.47 OK
r-patched-solaris-x86 1.4.0 267.10 OK
r-release-linux-x86_64 1.4.0 15.90 131.28 147.18 OK
r-release-macos-arm64 1.3.0 OK
r-release-macos-x86_64 1.4.0 OK
r-release-windows-ix86+x86_64 1.4.0 28.00 146.00 174.00 OK
r-oldrel-macos-x86_64 1.4.0 OK
r-oldrel-windows-ix86+x86_64 1.4.0 30.00 120.00 150.00 OK

Check Details

Version: 1.4.0
Check: package dependencies
Result: ERROR
    Packages required but not available:
     'qgraph', 'igraph', 'IsingFit', 'NetworkComparisonTest'
    
    See section 'The DESCRIPTION file' in the 'Writing R Extensions'
    manual.
Flavor: r-devel-windows-x86_64-gcc10-UCRT