CRAN Package Check Results for Package nflfastR

Last updated on 2023-06-10 00:54:51 CEST.

Flavor Version Tinstall Tcheck Ttotal Status Flags
r-devel-linux-x86_64-debian-clang 4.5.1 22.40 172.46 194.86 OK
r-devel-linux-x86_64-debian-gcc 4.5.1 17.78 123.31 141.09 OK
r-devel-linux-x86_64-fedora-clang 4.5.1 249.80 OK
r-devel-linux-x86_64-fedora-gcc 4.5.1 221.96 OK
r-devel-windows-x86_64 4.5.1 21.00 129.00 150.00 OK
r-patched-linux-x86_64 4.5.1 13.86 156.26 170.12 OK
r-release-linux-x86_64 4.5.1 18.31 154.72 173.03 OK
r-release-macos-arm64 4.5.1 70.00 OK
r-release-macos-x86_64 4.5.1 114.00 NOTE
r-release-windows-x86_64 4.5.1 24.00 161.00 185.00 OK
r-oldrel-macos-arm64 4.5.1 53.00 OK
r-oldrel-macos-x86_64 4.5.1 83.00 OK
r-oldrel-windows-x86_64 4.5.1 25.00 156.00 181.00 OK

Check Details

Version: 4.5.1
Check: package dependencies
Result: NOTE
    Package suggested but not available for checking: ‘qs’
Flavor: r-release-macos-x86_64