CRAN Package Check Results for Package ngramrr

Last updated on 2023-12-11 00:49:13 CET.

Flavor Version Tinstall Tcheck Ttotal Status Flags
r-devel-linux-x86_64-debian-clang 0.2.0 3.58 35.96 39.54 NOTE
r-devel-linux-x86_64-debian-gcc 0.2.0 3.06 28.28 31.34 NOTE
r-devel-linux-x86_64-fedora-clang 0.2.0 44.31 NOTE
r-devel-linux-x86_64-fedora-gcc 0.2.0 42.11 NOTE
r-devel-windows-x86_64 0.2.0 4.00 55.00 59.00 NOTE
r-patched-linux-x86_64 0.2.0 3.42 36.16 39.58 NOTE
r-release-linux-x86_64 0.2.0 3.44 35.32 38.76 NOTE
r-release-macos-arm64 0.2.0 20.00 NOTE
r-release-macos-x86_64 0.2.0 25.00 NOTE
r-release-windows-x86_64 0.2.0 5.00 55.00 60.00 NOTE
r-oldrel-macos-arm64 0.2.0 24.00 NOTE
r-oldrel-macos-x86_64 0.2.0 25.00 NOTE
r-oldrel-windows-x86_64 0.2.0 4.00 57.00 61.00 NOTE

Check Details

Version: 0.2.0
Check: LazyData
Result: NOTE 'LazyData' is specified without a 'data' directory Flavors: r-devel-linux-x86_64-debian-clang, r-devel-linux-x86_64-debian-gcc, r-devel-linux-x86_64-fedora-clang, r-devel-linux-x86_64-fedora-gcc, r-devel-windows-x86_64, r-patched-linux-x86_64, r-release-linux-x86_64, r-release-macos-arm64, r-release-macos-x86_64, r-release-windows-x86_64, r-oldrel-macos-arm64, r-oldrel-macos-x86_64, r-oldrel-windows-x86_64