Last updated on 2023-06-03 00:57:14 CEST.
Flavor | Version | Tinstall | Tcheck | Ttotal | Status | Flags |
---|---|---|---|---|---|---|
r-devel-linux-x86_64-debian-clang | 0.2.1 | 27.93 | 511.84 | 539.77 | OK | |
r-devel-linux-x86_64-debian-gcc | 0.2.1 | 22.38 | 384.61 | 406.99 | OK | |
r-devel-linux-x86_64-fedora-clang | 0.2.1 | 664.54 | NOTE | |||
r-devel-linux-x86_64-fedora-gcc | 0.2.1 | 685.46 | NOTE | |||
r-devel-windows-x86_64 | 0.2.1 | 22.00 | 475.00 | 497.00 | NOTE | |
r-patched-linux-x86_64 | 0.2.1 | OK | ||||
r-release-linux-x86_64 | 0.2.1 | 26.45 | 480.47 | 506.92 | OK | |
r-release-macos-arm64 | 0.2.1 | 195.00 | NOTE | |||
r-release-macos-x86_64 | 0.2.1 | 337.00 | NOTE | |||
r-release-windows-x86_64 | 0.2.1 | 29.00 | 522.00 | 551.00 | NOTE | |
r-oldrel-macos-arm64 | 0.2.1 | 176.00 | NOTE | |||
r-oldrel-macos-x86_64 | 0.2.1 | 274.00 | NOTE | |||
r-oldrel-windows-x86_64 | 0.2.1 | 32.00 | 538.00 | 570.00 | NOTE |
Version: 0.2.1
Check: installed package size
Result: NOTE
installed size is 6.9Mb
sub-directories of 1Mb or more:
doc 4.0Mb
extdata 1.8Mb
Flavors: r-devel-linux-x86_64-fedora-clang, r-devel-windows-x86_64, r-release-macos-arm64, r-release-macos-x86_64, r-release-windows-x86_64, r-oldrel-macos-arm64, r-oldrel-macos-x86_64, r-oldrel-windows-x86_64
Version: 0.2.1
Check: dependencies in R code
Result: NOTE
Namespace in Imports field not imported from: ‘methods’
All declared Imports should be used.
Flavors: r-devel-linux-x86_64-fedora-clang, r-devel-linux-x86_64-fedora-gcc, r-oldrel-macos-arm64, r-oldrel-macos-x86_64