Last updated on 2023-06-02 01:00:32 CEST.
Flavor | Version | Tinstall | Tcheck | Ttotal | Status | Flags |
---|---|---|---|---|---|---|
r-devel-linux-x86_64-debian-clang | 0.3.2 | 7.32 | 59.48 | 66.80 | OK | |
r-devel-linux-x86_64-debian-gcc | 0.3.2 | 5.69 | 44.94 | 50.63 | OK | |
r-devel-linux-x86_64-fedora-clang | 0.3.2 | 82.12 | NOTE | |||
r-devel-linux-x86_64-fedora-gcc | 0.3.2 | 89.73 | NOTE | |||
r-devel-windows-x86_64 | 0.3.2 | 8.00 | 66.00 | 74.00 | OK | |
r-patched-linux-x86_64 | 0.3.2 | OK | ||||
r-release-linux-x86_64 | 0.3.2 | 5.87 | 55.86 | 61.73 | OK | |
r-release-macos-arm64 | 0.3.2 | 38.00 | OK | |||
r-release-macos-x86_64 | 0.3.2 | 56.00 | OK | |||
r-release-windows-x86_64 | 0.3.2 | 8.00 | 76.00 | 84.00 | OK | |
r-oldrel-macos-arm64 | 0.3.2 | 32.00 | NOTE | |||
r-oldrel-macos-x86_64 | 0.3.2 | 52.00 | NOTE | |||
r-oldrel-windows-x86_64 | 0.3.2 | 9.00 | 77.00 | 86.00 | OK |
Version: 0.3.2
Check: data for non-ASCII characters
Result: NOTE
Note: found 4 marked UTF-8 strings
Flavors: r-devel-linux-x86_64-fedora-clang, r-devel-linux-x86_64-fedora-gcc, r-oldrel-macos-arm64, r-oldrel-macos-x86_64