CRAN Package Check Results for Package nlmixr2

Last updated on 2023-04-01 00:53:06 CEST.

Flavor Version Tinstall Tcheck Ttotal Status Flags
r-devel-linux-x86_64-debian-clang 2.0.9 11.24 100.44 111.68 ERROR
r-devel-linux-x86_64-debian-gcc 2.0.9 8.98 72.60 81.58 ERROR
r-devel-linux-x86_64-fedora-clang 2.0.9 142.77 ERROR
r-devel-linux-x86_64-fedora-gcc 2.0.9 200.99 ERROR
r-devel-windows-x86_64 2.0.9 21.00 0.00 21.00 ERROR
r-patched-linux-x86_64 2.0.9 12.01 92.47 104.48 ERROR
r-release-linux-x86_64 2.0.9 9.37 89.28 98.65 ERROR
r-release-macos-arm64 2.0.9 35.00 OK
r-release-macos-x86_64 2.0.9 66.00 OK
r-release-windows-x86_64 2.0.9 49.00 132.00 181.00 ERROR
r-oldrel-macos-arm64 2.0.9 49.00 OK
r-oldrel-macos-x86_64 2.0.9 70.00 OK
r-oldrel-windows-ix86+x86_64 2.0.9 29.00 163.00 192.00 OK

Check Details

Version: 2.0.9
Check: tests
Result: ERROR
     Running ‘testthat.R’ [5s/7s]
    Running the tests in ‘tests/testthat.R’ failed.
    Complete output:
     > library(testthat)
     > library(nlmixr2)
     Loading required package: nlmixr2data
     >
     > test_check("nlmixr2")
     Error in (function (..., row.names = NULL, check.rows = FALSE, check.names = TRUE, :
     arguments imply differing number of rows: 1, 0
     [ FAIL 1 | WARN 0 | SKIP 0 | PASS 3 ]
    
     ══ Failed tests ════════════════════════════════════════════════════════════════
     ── Error ('test-basic-nlmixr2.R:48:3'): basic nlmixr tests ─────────────────────
     Error: arguments imply differing number of rows: 1, 0
     Backtrace:
     ▆
     1. ├─nlmixr2est::nlmixr(one.compartment, theo_sd, est = "saem", control = list(print = 0)) at test-basic-nlmixr2.R:48:2
     2. └─nlmixr2est:::nlmixr2.function(...)
     3. └─nlmixr2est:::nlmixr2Est0(.env)
    
     [ FAIL 1 | WARN 0 | SKIP 0 | PASS 3 ]
     Error: Test failures
     Execution halted
Flavor: r-devel-linux-x86_64-debian-clang

Version: 2.0.9
Check: tests
Result: ERROR
     Running ‘testthat.R’ [4s/7s]
    Running the tests in ‘tests/testthat.R’ failed.
    Complete output:
     > library(testthat)
     > library(nlmixr2)
     Loading required package: nlmixr2data
     >
     > test_check("nlmixr2")
     Error in (function (..., row.names = NULL, check.rows = FALSE, check.names = TRUE, :
     arguments imply differing number of rows: 1, 0
     [ FAIL 1 | WARN 0 | SKIP 0 | PASS 3 ]
    
     ══ Failed tests ════════════════════════════════════════════════════════════════
     ── Error ('test-basic-nlmixr2.R:48:3'): basic nlmixr tests ─────────────────────
     Error: arguments imply differing number of rows: 1, 0
     Backtrace:
     ▆
     1. ├─nlmixr2est::nlmixr(one.compartment, theo_sd, est = "saem", control = list(print = 0)) at test-basic-nlmixr2.R:48:2
     2. └─nlmixr2est:::nlmixr2.function(...)
     3. └─nlmixr2est:::nlmixr2Est0(.env)
    
     [ FAIL 1 | WARN 0 | SKIP 0 | PASS 3 ]
     Error: Test failures
     Execution halted
Flavor: r-devel-linux-x86_64-debian-gcc

Version: 2.0.9
Check: tests
Result: ERROR
     Running ‘testthat.R’ [6s/21s]
    Running the tests in ‘tests/testthat.R’ failed.
    Complete output:
     > library(testthat)
     > library(nlmixr2)
     Loading required package: nlmixr2data
     >
     > test_check("nlmixr2")
     Error in (function (..., row.names = NULL, check.rows = FALSE, check.names = TRUE, :
     arguments imply differing number of rows: 1, 0
     [ FAIL 1 | WARN 0 | SKIP 0 | PASS 3 ]
    
     ══ Failed tests ════════════════════════════════════════════════════════════════
     ── Error ('test-basic-nlmixr2.R:48:3'): basic nlmixr tests ─────────────────────
     Error: arguments imply differing number of rows: 1, 0
     Backtrace:
     ▆
     1. ├─nlmixr2est::nlmixr(one.compartment, theo_sd, est = "saem", control = list(print = 0)) at test-basic-nlmixr2.R:48:2
     2. └─nlmixr2est:::nlmixr2.function(...)
     3. └─nlmixr2est:::nlmixr2Est0(.env)
    
     [ FAIL 1 | WARN 0 | SKIP 0 | PASS 3 ]
     Error: Test failures
     Execution halted
Flavor: r-devel-linux-x86_64-fedora-clang

Version: 2.0.9
Check: tests
Result: ERROR
     Running ‘testthat.R’ [6s/22s]
    Running the tests in ‘tests/testthat.R’ failed.
    Complete output:
     > library(testthat)
     > library(nlmixr2)
     Loading required package: nlmixr2data
     >
     > test_check("nlmixr2")
     Error in (function (..., row.names = NULL, check.rows = FALSE, check.names = TRUE, :
     arguments imply differing number of rows: 1, 0
     [ FAIL 1 | WARN 0 | SKIP 0 | PASS 3 ]
    
     ══ Failed tests ════════════════════════════════════════════════════════════════
     ── Error ('test-basic-nlmixr2.R:48:3'): basic nlmixr tests ─────────────────────
     Error: arguments imply differing number of rows: 1, 0
     Backtrace:
     ▆
     1. ├─nlmixr2est::nlmixr(one.compartment, theo_sd, est = "saem", control = list(print = 0)) at test-basic-nlmixr2.R:48:2
     2. └─nlmixr2est:::nlmixr2.function(...)
     3. └─nlmixr2est:::nlmixr2Est0(.env)
    
     [ FAIL 1 | WARN 0 | SKIP 0 | PASS 3 ]
     Error: Test failures
     Execution halted
Flavor: r-devel-linux-x86_64-fedora-gcc

Version: 2.0.9
Check: whether package can be installed
Result: ERROR
    Installation failed.
Flavor: r-devel-windows-x86_64

Version: 2.0.9
Check: tests
Result: ERROR
     Running ‘testthat.R’ [5s/6s]
    Running the tests in ‘tests/testthat.R’ failed.
    Complete output:
     > library(testthat)
     > library(nlmixr2)
     Loading required package: nlmixr2data
     >
     > test_check("nlmixr2")
     Error in (function (..., row.names = NULL, check.rows = FALSE, check.names = TRUE, :
     arguments imply differing number of rows: 1, 0
     [ FAIL 1 | WARN 0 | SKIP 0 | PASS 3 ]
    
     ══ Failed tests ════════════════════════════════════════════════════════════════
     ── Error ('test-basic-nlmixr2.R:48:3'): basic nlmixr tests ─────────────────────
     Error: arguments imply differing number of rows: 1, 0
     Backtrace:
     ▆
     1. ├─nlmixr2est::nlmixr(one.compartment, theo_sd, est = "saem", control = list(print = 0)) at test-basic-nlmixr2.R:48:2
     2. └─nlmixr2est:::nlmixr2.function(...)
     3. └─nlmixr2est:::nlmixr2Est0(.env)
    
     [ FAIL 1 | WARN 0 | SKIP 0 | PASS 3 ]
     Error: Test failures
     Execution halted
Flavors: r-patched-linux-x86_64, r-release-linux-x86_64

Version: 2.0.9
Check: tests
Result: ERROR
     Running 'testthat.R' [6s]
    Running the tests in 'tests/testthat.R' failed.
    Complete output:
     > library(testthat)
     > library(nlmixr2)
     Loading required package: nlmixr2data
     >
     > test_check("nlmixr2")
     Error in (function (..., row.names = NULL, check.rows = FALSE, check.names = TRUE, :
     arguments imply differing number of rows: 1, 0
     [ FAIL 1 | WARN 0 | SKIP 0 | PASS 3 ]
    
     ══ Failed tests ════════════════════════════════════════════════════════════════
     ── Error ('test-basic-nlmixr2.R:48:3'): basic nlmixr tests ─────────────────────
     Error: arguments imply differing number of rows: 1, 0
     Backtrace:
     ▆
     1. ├─nlmixr2est::nlmixr(one.compartment, theo_sd, est = "saem", control = list(print = 0)) at test-basic-nlmixr2.R:48:2
     2. └─nlmixr2est:::nlmixr2.function(...)
     3. └─nlmixr2est:::nlmixr2Est0(.env)
    
     [ FAIL 1 | WARN 0 | SKIP 0 | PASS 3 ]
     Error: Test failures
     Execution halted
Flavor: r-release-windows-x86_64