CRAN Package Check Results for Package nmaINLA

Last updated on 2021-10-22 00:50:33 CEST.

Flavor Version Tinstall Tcheck Ttotal Status Flags
r-devel-linux-x86_64-debian-clang 1.1.0 3.02 33.45 36.47 NOTE
r-devel-linux-x86_64-debian-gcc 1.1.0 2.29 26.33 28.62 NOTE
r-devel-linux-x86_64-fedora-clang 1.1.0 108.99 OK
r-devel-linux-x86_64-fedora-gcc 1.1.0 96.89 OK
r-devel-windows-x86_64 1.1.0 6.00 68.00 74.00 OK
r-devel-windows-x86_64-gcc10-UCRT 1.1.0 NOTE
r-patched-linux-x86_64 1.1.0 2.78 32.57 35.35 NOTE
r-patched-solaris-x86 1.1.0 69.60 NOTE
r-release-linux-x86_64 1.1.0 2.72 32.43 35.15 NOTE
r-release-macos-arm64 1.1.0 NOTE
r-release-macos-x86_64 1.1.0 NOTE
r-release-windows-ix86+x86_64 1.1.0 6.00 61.00 67.00 OK
r-oldrel-macos-x86_64 1.1.0 NOTE
r-oldrel-windows-ix86+x86_64 1.1.0 7.00 66.00 73.00 OK

Check Details

Version: 1.1.0
Check: package dependencies
Result: NOTE
    Package suggested but not available for checking: 'INLA'
Flavors: r-devel-linux-x86_64-debian-clang, r-devel-linux-x86_64-debian-gcc, r-devel-windows-x86_64-gcc10-UCRT, r-patched-linux-x86_64, r-patched-solaris-x86, r-release-linux-x86_64, r-release-macos-arm64, r-release-macos-x86_64, r-oldrel-macos-x86_64