Last updated on 2023-06-10 00:54:51 CEST.
Flavor | Version | Tinstall | Tcheck | Ttotal | Status | Flags |
---|---|---|---|---|---|---|
r-devel-linux-x86_64-debian-clang | 1.4 | 3.02 | 21.94 | 24.96 | OK | |
r-devel-linux-x86_64-debian-gcc | 1.4 | 2.18 | 17.21 | 19.39 | OK | |
r-devel-linux-x86_64-fedora-clang | 1.4 | 32.27 | NOTE | |||
r-devel-linux-x86_64-fedora-gcc | 1.4 | 30.91 | NOTE | |||
r-devel-windows-x86_64 | 1.4 | 6.00 | 45.00 | 51.00 | OK | |
r-patched-linux-x86_64 | 1.4 | 2.58 | 21.59 | 24.17 | OK | |
r-release-linux-x86_64 | 1.4 | 2.73 | 21.31 | 24.04 | OK | |
r-release-macos-arm64 | 1.4 | 19.00 | OK | |||
r-release-macos-x86_64 | 1.4 | 26.00 | NOTE | |||
r-release-windows-x86_64 | 1.4 | 6.00 | 51.00 | 57.00 | OK | |
r-oldrel-macos-arm64 | 1.4 | 17.00 | OK | |||
r-oldrel-macos-x86_64 | 1.4 | 24.00 | OK | |||
r-oldrel-windows-x86_64 | 1.4 | 6.00 | 50.00 | 56.00 | OK |
Version: 1.4
Check: Rd cross-references
Result: NOTE
Undeclared packages ‘quadprog’, ‘bvls’ in Rd xrefs
Flavor: r-devel-linux-x86_64-fedora-clang
Version: 1.4
Check: compiled code
Result: NOTE
File ‘nnls/libs/nnls.so’:
Found no calls to: ‘R_registerRoutines’, ‘R_useDynamicSymbols’
It is good practice to register native routines and to disable symbol
search.
See ‘Writing portable packages’ in the ‘Writing R Extensions’ manual.
Flavors: r-devel-linux-x86_64-fedora-clang, r-devel-linux-x86_64-fedora-gcc
Version: 1.4
Check: Rd cross-references
Result: NOTE
Packages unavailable to check Rd xrefs: ‘quadprog’, ‘bvls’
Flavor: r-release-macos-x86_64