Last updated on 2023-06-09 00:54:28 CEST.
Flavor | Version | Tinstall | Tcheck | Ttotal | Status | Flags |
---|---|---|---|---|---|---|
r-devel-linux-x86_64-debian-clang | 0.5-5 | 4.54 | 60.52 | 65.06 | NOTE | |
r-devel-linux-x86_64-debian-gcc | 0.5-5 | 3.02 | 46.30 | 49.32 | NOTE | |
r-devel-linux-x86_64-fedora-clang | 0.5-5 | 84.55 | NOTE | |||
r-devel-linux-x86_64-fedora-gcc | 0.5-5 | 89.06 | NOTE | |||
r-devel-windows-x86_64 | 0.5-5 | 5.00 | 72.00 | 77.00 | NOTE | |
r-patched-linux-x86_64 | 0.5-5 | 4.56 | 57.54 | 62.10 | NOTE | |
r-release-linux-x86_64 | 0.5-5 | 3.84 | 57.31 | 61.15 | NOTE | |
r-release-macos-arm64 | 0.5-5 | 35.00 | NOTE | |||
r-release-macos-x86_64 | 0.5-5 | 45.00 | NOTE | |||
r-release-windows-x86_64 | 0.5-5 | 6.00 | 76.00 | 82.00 | NOTE | |
r-oldrel-macos-arm64 | 0.5-5 | 31.00 | NOTE | |||
r-oldrel-macos-x86_64 | 0.5-5 | 39.00 | NOTE | |||
r-oldrel-windows-x86_64 | 0.5-5 | 7.00 | 83.00 | 90.00 | NOTE |
Version: 0.5-5
Check: LazyData
Result: NOTE
'LazyData' is specified without a 'data' directory
Flavors: r-devel-linux-x86_64-debian-clang, r-devel-linux-x86_64-debian-gcc, r-devel-linux-x86_64-fedora-clang, r-devel-linux-x86_64-fedora-gcc, r-devel-windows-x86_64, r-patched-linux-x86_64, r-release-linux-x86_64, r-release-macos-arm64, r-release-macos-x86_64, r-release-windows-x86_64, r-oldrel-macos-arm64, r-oldrel-macos-x86_64, r-oldrel-windows-x86_64
Version: 0.5-5
Check: package dependencies
Result: NOTE
Packages suggested but not available for checking:
'mirt', 'AER', 'faraway', 'mlogit', 'ordinal'
Flavor: r-release-macos-x86_64