CRAN Package Check Results for Package nor1mix

Last updated on 2021-11-28 00:48:54 CET.

Flavor Version Tinstall Tcheck Ttotal Status Flags
r-devel-linux-x86_64-debian-clang 1.3-0 OK
r-devel-linux-x86_64-debian-gcc 1.3-0 2.55 24.07 26.62 OK
r-devel-linux-x86_64-fedora-clang 1.3-0 52.32 NOTE
r-devel-linux-x86_64-fedora-gcc 1.3-0 42.14 OK
r-devel-windows-x86_64-new-UL 1.3-0 8.00 64.00 72.00 OK
r-devel-windows-x86_64-new-TK 1.3-0 OK
r-devel-windows-x86_64-old 1.3-0 5.00 50.00 55.00 OK
r-patched-linux-x86_64 1.3-0 3.83 30.14 33.97 OK
r-patched-solaris-x86 1.3-0 60.50 OK
r-release-linux-x86_64 1.3-0 OK
r-release-macos-arm64 1.3-0 OK
r-release-macos-x86_64 1.3-0 OK
r-release-windows-ix86+x86_64 1.3-0 8.00 35.00 43.00 OK
r-oldrel-macos-x86_64 1.3-0 OK
r-oldrel-windows-ix86+x86_64 1.3-0 5.00 48.00 53.00 OK

Check Details

Version: 1.3-0
Check: Rd cross-references
Result: NOTE
    Undeclared package ‘copula’ in Rd xrefs
Flavor: r-devel-linux-x86_64-fedora-clang