CRAN Package Check Results for Package nos

Last updated on 2021-10-20 00:49:47 CEST.

Flavor Version Tinstall Tcheck Ttotal Status Flags
r-devel-linux-x86_64-debian-clang 1.1.0 4.18 61.32 65.50 OK
r-devel-linux-x86_64-debian-gcc 1.1.0 3.68 43.99 47.67 OK
r-devel-linux-x86_64-fedora-clang 1.1.0 85.87 NOTE
r-devel-linux-x86_64-fedora-gcc 1.1.0 74.11 OK
r-devel-windows-x86_64 1.1.0 9.00 91.00 100.00 OK
r-devel-windows-x86_64-gcc10-UCRT 1.1.0 OK
r-patched-linux-x86_64 1.1.0 4.95 55.61 60.56 OK
r-patched-solaris-x86 1.1.0 106.80 OK
r-release-linux-x86_64 1.1.0 4.33 56.04 60.37 OK
r-release-macos-arm64 1.1.0 OK
r-release-macos-x86_64 1.1.0 OK
r-release-windows-ix86+x86_64 1.1.0 12.00 80.00 92.00 OK
r-oldrel-macos-x86_64 1.1.0 OK
r-oldrel-windows-ix86+x86_64 1.1.0 13.00 85.00 98.00 OK

Check Details

Version: 1.1.0
Check: Rd cross-references
Result: NOTE
    Undeclared package ‘bipartite’ in Rd xrefs
Flavor: r-devel-linux-x86_64-fedora-clang