CRAN Package Check Results for Package np

Last updated on 2021-10-21 00:49:53 CEST.

Flavor Version Tinstall Tcheck Ttotal Status Flags
r-devel-linux-x86_64-debian-clang 0.60-11 57.41 459.57 516.98 OK
r-devel-linux-x86_64-debian-gcc 0.60-11 45.05 331.60 376.65 OK
r-devel-linux-x86_64-fedora-clang 0.60-11 635.80 NOTE
r-devel-linux-x86_64-fedora-gcc 0.60-11 622.17 OK
r-devel-windows-x86_64 0.60-11 84.00 152.00 236.00 OK --no-examples --no-tests --no-vignettes
r-devel-windows-x86_64-gcc10-UCRT 0.60-11 OK
r-patched-linux-x86_64 0.60-11 59.21 444.67 503.88 OK
r-patched-solaris-x86 0.60-11 948.80 OK
r-release-linux-x86_64 0.60-11 56.21 447.87 504.08 OK
r-release-macos-arm64 0.60-11 OK
r-release-macos-x86_64 0.60-11 OK
r-release-windows-ix86+x86_64 0.60-11 97.00 209.00 306.00 OK --no-examples --no-tests --no-vignettes
r-oldrel-macos-x86_64 0.60-11 OK
r-oldrel-windows-ix86+x86_64 0.60-11 130.00 208.00 338.00 OK --no-examples --no-tests --no-vignettes

Additional issues

clang-UBSAN

Check Details

Version: 0.60-11
Check: Rd cross-references
Result: NOTE
    Undeclared packages ‘logspline’, ‘ks’ in Rd xrefs
Flavor: r-devel-linux-x86_64-fedora-clang