CRAN Package Check Results for Package nprcgenekeepr

Last updated on 2021-10-18 00:48:21 CEST.

Flavor Version Tinstall Tcheck Ttotal Status Flags
r-devel-linux-x86_64-debian-clang 1.0.5 15.67 190.24 205.91 OK
r-devel-linux-x86_64-debian-gcc 1.0.5 12.37 142.40 154.77 OK
r-devel-linux-x86_64-fedora-clang 1.0.5 252.34 NOTE
r-devel-linux-x86_64-fedora-gcc 1.0.5 270.16 NOTE
r-devel-windows-x86_64 1.0.5 25.00 266.00 291.00 OK
r-devel-windows-x86_64-gcc10-UCRT 1.0.5 NOTE
r-patched-linux-x86_64 1.0.5 16.41 182.11 198.52 OK
r-patched-solaris-x86 1.0.5 367.50 NOTE
r-release-linux-x86_64 1.0.5 15.78 178.75 194.53 OK
r-release-macos-arm64 1.0.5 NOTE
r-release-macos-x86_64 1.0.5 NOTE
r-release-windows-ix86+x86_64 1.0.5 35.00 251.00 286.00 OK
r-oldrel-macos-x86_64 1.0.5 NOTE
r-oldrel-windows-ix86+x86_64 1.0.5 33.00 245.00 278.00 OK

Check Details

Version: 1.0.5
Check: dependencies in R code
Result: NOTE
    Namespace in Imports field not imported from: ‘rlang’
     All declared Imports should be used.
Flavors: r-devel-linux-x86_64-fedora-clang, r-devel-linux-x86_64-fedora-gcc, r-devel-windows-x86_64-gcc10-UCRT, r-patched-solaris-x86, r-release-macos-arm64, r-release-macos-x86_64, r-oldrel-macos-x86_64