CRAN Package Check Results for Package nprotreg

Last updated on 2021-10-25 00:49:19 CEST.

Flavor Version Tinstall Tcheck Ttotal Status Flags
r-devel-linux-x86_64-debian-clang 1.1.0 10.02 42.32 52.34 NOTE
r-devel-linux-x86_64-debian-gcc 1.1.0 5.16 32.55 37.71 NOTE
r-devel-linux-x86_64-fedora-clang 1.1.0 71.11 NOTE
r-devel-linux-x86_64-fedora-gcc 1.1.0 60.74 NOTE
r-devel-windows-x86_64 1.1.0 15.00 62.00 77.00 NOTE
r-devel-windows-x86_64-gcc10-UCRT 1.1.0 NOTE
r-patched-linux-x86_64 1.1.0 8.72 40.81 49.53 NOTE
r-patched-solaris-x86 1.1.0 85.50 NOTE
r-release-linux-x86_64 1.1.0 7.92 40.92 48.84 NOTE
r-release-macos-arm64 1.1.0 NOTE
r-release-macos-x86_64 1.1.0 NOTE
r-release-windows-ix86+x86_64 1.1.0 12.00 57.00 69.00 NOTE
r-oldrel-macos-x86_64 1.1.0 OK
r-oldrel-windows-ix86+x86_64 1.1.0 17.00 59.00 76.00 OK

Check Details

Version: 1.1.0
Check: LazyData
Result: NOTE
     'LazyData' is specified without a 'data' directory
Flavors: r-devel-linux-x86_64-debian-clang, r-devel-linux-x86_64-debian-gcc, r-devel-linux-x86_64-fedora-clang, r-devel-linux-x86_64-fedora-gcc, r-devel-windows-x86_64, r-devel-windows-x86_64-gcc10-UCRT, r-patched-linux-x86_64, r-patched-solaris-x86, r-release-linux-x86_64, r-release-macos-arm64, r-release-macos-x86_64, r-release-windows-ix86+x86_64