Last updated on 2023-02-02 00:54:52 CET.
Flavor | Version | Tinstall | Tcheck | Ttotal | Status | Flags |
---|---|---|---|---|---|---|
r-devel-linux-x86_64-debian-clang | 1.0.2 | 19.10 | 59.85 | 78.95 | OK | |
r-devel-linux-x86_64-debian-gcc | 1.0.2 | 16.78 | 48.49 | 65.27 | OK | |
r-devel-linux-x86_64-fedora-clang | 1.0.2 | 102.47 | OK | |||
r-devel-linux-x86_64-fedora-gcc | 1.0.2 | 99.20 | OK | |||
r-patched-linux-x86_64 | 1.0.2 | 19.49 | 61.25 | 80.74 | OK | |
r-release-linux-x86_64 | 1.0.2 | 18.88 | 59.77 | 78.65 | OK | |
r-release-macos-arm64 | 1.0.2 | 46.00 | NOTE | |||
r-release-macos-x86_64 | 1.0.2 | 51.00 | OK | |||
r-release-windows-x86_64 | 1.0.2 | 28.00 | 94.00 | 122.00 | OK | |
r-oldrel-macos-arm64 | 1.0.2 | 47.00 | NOTE | |||
r-oldrel-macos-x86_64 | 1.0.2 | 77.00 | OK | |||
r-oldrel-windows-ix86+x86_64 | 1.0.2 | 33.00 | 88.00 | 121.00 | OK |
Version: 1.0.2
Check: installed package size
Result: NOTE
installed size is 5.1Mb
sub-directories of 1Mb or more:
data 5.0Mb
Flavors: r-release-macos-arm64, r-oldrel-macos-arm64