CRAN Package Check Results for Package nzffdr

Last updated on 2021-10-16 00:49:23 CEST.

Flavor Version Tinstall Tcheck Ttotal Status Flags
r-devel-linux-x86_64-debian-clang 1.0.0 3.06 28.92 31.98 OK
r-devel-linux-x86_64-debian-gcc 1.0.0 2.57 23.33 25.90 OK
r-devel-linux-x86_64-fedora-clang 1.0.0 48.90 NOTE
r-devel-linux-x86_64-fedora-gcc 1.0.0 38.59 NOTE
r-devel-windows-x86_64 1.0.0 5.00 42.00 47.00 OK
r-devel-windows-x86_64-gcc10-UCRT 1.0.0 NOTE
r-patched-linux-x86_64 1.0.0 3.04 28.58 31.62 OK
r-patched-solaris-x86 1.0.0 65.40 NOTE
r-release-linux-x86_64 1.0.0 2.96 28.51 31.47 OK
r-release-macos-arm64 1.0.0 NOTE
r-release-macos-x86_64 1.0.0 NOTE
r-release-windows-ix86+x86_64 1.0.0 7.00 50.00 57.00 OK
r-oldrel-macos-x86_64 1.0.0 NOTE
r-oldrel-windows-ix86+x86_64 1.0.0 7.00 37.00 44.00 OK

Check Details

Version: 1.0.0
Check: data for non-ASCII characters
Result: NOTE
     Note: found 1 marked UTF-8 string
Flavors: r-devel-linux-x86_64-fedora-clang, r-devel-linux-x86_64-fedora-gcc, r-devel-windows-x86_64-gcc10-UCRT, r-patched-solaris-x86, r-release-macos-arm64, r-release-macos-x86_64, r-oldrel-macos-x86_64