Last updated on 2023-06-03 00:57:15 CEST.
Flavor | Version | Tinstall | Tcheck | Ttotal | Status | Flags |
---|---|---|---|---|---|---|
r-devel-linux-x86_64-debian-clang | 0.1.1 | 43.34 | 386.68 | 430.02 | OK | |
r-devel-linux-x86_64-debian-gcc | 0.1.1 | 34.84 | 289.99 | 324.83 | OK | |
r-devel-linux-x86_64-fedora-clang | 0.1.1 | 534.78 | NOTE | |||
r-devel-linux-x86_64-fedora-gcc | 0.1.1 | 544.71 | OK | |||
r-devel-windows-x86_64 | 0.1.1 | 35.00 | 287.00 | 322.00 | NOTE | |
r-patched-linux-x86_64 | 0.1.1 | OK | ||||
r-release-linux-x86_64 | 0.1.1 | 29.27 | 365.52 | 394.79 | OK | |
r-release-macos-arm64 | 0.1.1 | 133.00 | NOTE | |||
r-release-macos-x86_64 | 0.1.1 | 238.00 | NOTE | |||
r-release-windows-x86_64 | 0.1.1 | 51.00 | 377.00 | 428.00 | NOTE | |
r-oldrel-macos-arm64 | 0.1.1 | 103.00 | NOTE | |||
r-oldrel-macos-x86_64 | 0.1.1 | 196.00 | NOTE | |||
r-oldrel-windows-x86_64 | 0.1.1 | 49.00 | 340.00 | 389.00 | NOTE |
Version: 0.1.1
Check: installed package size
Result: NOTE
installed size is 6.2Mb
sub-directories of 1Mb or more:
R 1.5Mb
test_files 4.2Mb
Flavors: r-devel-linux-x86_64-fedora-clang, r-devel-windows-x86_64, r-release-macos-arm64, r-release-macos-x86_64, r-release-windows-x86_64, r-oldrel-macos-arm64, r-oldrel-macos-x86_64, r-oldrel-windows-x86_64