CRAN Package Check Results for Package odin

Last updated on 2021-10-21 00:49:53 CEST.

Flavor Version Tinstall Tcheck Ttotal Status Flags
r-devel-linux-x86_64-debian-clang 1.2.1 12.00 132.68 144.68 OK
r-devel-linux-x86_64-debian-gcc 1.2.1 8.02 98.31 106.33 OK
r-devel-linux-x86_64-fedora-clang 1.2.1 178.00 OK
r-devel-linux-x86_64-fedora-gcc 1.2.1 177.62 OK
r-devel-windows-x86_64 1.2.1 17.00 198.00 215.00 OK
r-devel-windows-x86_64-gcc10-UCRT 0.0.1 OK
r-patched-linux-x86_64 1.2.1 9.31 130.60 139.91 OK
r-patched-solaris-x86 1.2.1 181.10 OK
r-release-linux-x86_64 1.2.1 9.70 129.70 139.40 OK
r-release-macos-arm64 1.2.1 OK
r-release-macos-x86_64 1.2.1 WARN
r-release-windows-ix86+x86_64 1.2.1 12.00 187.00 199.00 OK
r-oldrel-macos-x86_64 1.2.1 WARN
r-oldrel-windows-ix86+x86_64 1.2.1 18.00 201.00 219.00 OK

Check Details

Version: 1.2.1
Check: re-building of vignette outputs
Result: WARN
    Error(s) in re-building vignettes:
    --- re-building ‘discrete.Rmd’ using rmarkdown
    Warning in engine$weave(file, quiet = quiet, encoding = enc) :
     Pandoc (>= 1.12.3) not available. Falling back to R Markdown v1.
    Error: processing vignette 'discrete.Rmd' failed with diagnostics:
    there is no package called 'stringi'
    --- failed re-building ‘discrete.Rmd’
    
    --- re-building ‘functions.Rmd’ using rmarkdown
    Warning in engine$weave(file, quiet = quiet, encoding = enc) :
     Pandoc (>= 1.12.3) not available. Falling back to R Markdown v1.
    Error: processing vignette 'functions.Rmd' failed with diagnostics:
    there is no package called 'stringi'
    --- failed re-building ‘functions.Rmd’
    
    --- re-building ‘odin.Rmd’ using rmarkdown
    Warning in engine$weave(file, quiet = quiet, encoding = enc) :
     Pandoc (>= 1.12.3) not available. Falling back to R Markdown v1.
    Error: processing vignette 'odin.Rmd' failed with diagnostics:
    there is no package called 'stringi'
    --- failed re-building ‘odin.Rmd’
    
    SUMMARY: processing the following files failed:
     ‘discrete.Rmd’ ‘functions.Rmd’ ‘odin.Rmd’
    
    Error: Vignette re-building failed.
    Execution halted
Flavors: r-release-macos-x86_64, r-oldrel-macos-x86_64