CRAN Package Check Results for Package offlineChange

Last updated on 2021-10-28 00:48:52 CEST.

Flavor Version Tinstall Tcheck Ttotal Status Flags
r-devel-linux-x86_64-debian-clang 0.0.4 22.44 35.86 58.30 NOTE
r-devel-linux-x86_64-debian-gcc 0.0.4 18.77 27.74 46.51 NOTE
r-devel-linux-x86_64-fedora-clang 0.0.4 93.26 NOTE
r-devel-linux-x86_64-fedora-gcc 0.0.4 75.21 NOTE
r-devel-windows-x86_64 0.0.4 31.00 53.00 84.00 NOTE
r-devel-windows-x86_64-gcc10-UCRT 0.0.4 NOTE
r-patched-linux-x86_64 0.0.4 19.50 34.37 53.87 NOTE
r-patched-solaris-x86 0.0.4 86.90 NOTE
r-release-linux-x86_64 0.0.4 20.34 34.42 54.76 NOTE
r-release-macos-arm64 0.0.4 NOTE
r-release-macos-x86_64 0.0.4 NOTE
r-release-windows-ix86+x86_64 0.0.4 47.00 80.00 127.00 NOTE
r-oldrel-macos-x86_64 0.0.4 OK
r-oldrel-windows-ix86+x86_64 0.0.4 46.00 79.00 125.00 OK

Check Details

Version: 0.0.4
Check: LazyData
Result: NOTE
     'LazyData' is specified without a 'data' directory
Flavors: r-devel-linux-x86_64-debian-clang, r-devel-linux-x86_64-debian-gcc, r-devel-linux-x86_64-fedora-clang, r-devel-linux-x86_64-fedora-gcc, r-devel-windows-x86_64, r-devel-windows-x86_64-gcc10-UCRT, r-patched-linux-x86_64, r-patched-solaris-x86, r-release-linux-x86_64, r-release-macos-arm64, r-release-macos-x86_64, r-release-windows-ix86+x86_64