CRAN Package Check Results for Package oii

Last updated on 2024-07-19 00:53:24 CEST.

Flavor Version Tinstall Tcheck Ttotal Status Flags
r-devel-linux-x86_64-debian-clang 1.0.2.1 2.51 33.63 36.14 NOTE
r-devel-linux-x86_64-debian-gcc 1.0.2.1 2.21 26.00 28.21 NOTE
r-devel-linux-x86_64-fedora-clang 1.0.2.1 45.46 NOTE
r-devel-linux-x86_64-fedora-gcc 1.0.2.1 42.86 NOTE
r-devel-windows-x86_64 1.0.2.1 4.00 46.00 50.00 NOTE
r-patched-linux-x86_64 1.0.2.1 3.08 32.84 35.92 NOTE
r-release-linux-x86_64 1.0.2.1 2.44 32.43 34.87 NOTE
r-release-macos-arm64 1.0.2.1 20.00 NOTE
r-release-macos-x86_64 1.0.2.1 25.00 NOTE
r-release-windows-x86_64 1.0.2.1 4.00 49.00 53.00 NOTE
r-oldrel-macos-arm64 1.0.2.1 20.00 NOTE
r-oldrel-macos-x86_64 1.0.2.1 27.00 NOTE
r-oldrel-windows-x86_64 1.0.2.1 4.00 60.00 64.00 NOTE

Check Details

Version: 1.0.2.1
Check: LazyData
Result: NOTE 'LazyData' is specified without a 'data' directory Flavors: r-devel-linux-x86_64-debian-clang, r-devel-linux-x86_64-debian-gcc, r-devel-linux-x86_64-fedora-clang, r-devel-linux-x86_64-fedora-gcc, r-devel-windows-x86_64, r-patched-linux-x86_64, r-release-linux-x86_64, r-release-macos-arm64, r-release-macos-x86_64, r-release-windows-x86_64, r-oldrel-macos-arm64, r-oldrel-macos-x86_64, r-oldrel-windows-x86_64